{"id":5822,"date":"2022-02-23T11:40:16","date_gmt":"2022-02-23T11:40:16","guid":{"rendered":"https:\/\/mundo.seashell.pt\/?post_type=product&#038;p=5822"},"modified":"2022-02-23T11:40:21","modified_gmt":"2022-02-23T11:40:21","slug":"oxipur-stainbuster-1-kg-lavandaria-manual","status":"publish","type":"product","link":"https:\/\/mundo.seashell.pt\/?product=oxipur-stainbuster-1-kg-lavandaria-manual","title":{"rendered":"Aditivo Oxipur Stainbuster 1 Kg &#8211; Lavandaria Manual"},"content":{"rendered":"<h2>Aditivo tira-n\u00f3doas<\/h2>\n<ul>\n<li>Tripla a\u00e7\u00e3o: oxig\u00e9nio ativo, enzimas e tensoativos<\/li>\n<li>Eficaz contra as n\u00f3doas mais persistentes em roupa branca e de cor<\/li>\n<li>Otimizado para uso com produtos do sistema Oxipur<\/li>\n<\/ul>\n<h4><\/h4>\n<h4>Descri\u00e7\u00e3o<\/h4>\n<p>Tira-n\u00f3doas em p\u00f3 para lavar roupa. Remove as n\u00f3doas mais dif\u00edceis gra\u00e7as \u00e0 sua formula\u00e7\u00e3o de a\u00e7\u00e3o combinada com oxig\u00e9nio ativo, enzimas, tensoativos. O oxig\u00e9nio ativo age contra as n\u00f3doas oxid\u00e1veis (ex. vinho e caf\u00e9), as enzimas contra as n\u00f3doas \u00e0 base de prote\u00ednas (ex. sangue, leite, ovo) e alimentos \u00e0 base de amido e os tensoativos contra as n\u00f3doas de gordura.<\/p>\n<h4><\/h4>\n<h4>Dilui\u00e7\u00e3o<\/h4>\n<p>Dilui\u00e7\u00e3o de acordo com o modo de usar.<\/p>\n<h4><\/h4>\n<h4>Como usar<\/h4>\n<p>DOSES ACONSELHADAS:&nbsp;<\/p>\n<p>NA M\u00c1QUINA DE LAVAR ROUPA (5 kg): Acrescentar ao detergente 50 g de produto (sujidade normal) ou 70 g de produto (sujidade dif\u00edcil).&nbsp;<\/p>\n<p>\u00c0 M\u00c3O: Deitar 50 g de produto em 3 L de \u00e1gua morna (40\u00b0C).&nbsp;<\/p>\n<p>PR\u00c9-TRATAMENTO: Solubilizar 6 g de produto em 20 ml de \u00e1gua morna (40\u00b0C). Aplicar na n\u00f3doa a solu\u00e7\u00e3o dilu\u00edda e deixar agir durante m\u00e1x. 5 min., a seguir enxaguar e lavar. DE MOLHO: Deitar 50 g de produto em 5 L de \u00e1gua morna (40\u00b0C), deixar a roupa de molho durante m\u00e1x 1 hora (de cor) ou m\u00e1x 6 horas (branca), a seguir enxaguar e lavar.<\/p>\n","protected":false},"excerpt":{"rendered":"<p>Tira-n\u00f3doas em p\u00f3 para lavar roupa. Remove as n\u00f3doas mais dif\u00edceis gra\u00e7as \u00e0 sua formula\u00e7\u00e3o de a\u00e7\u00e3o combinada com oxig\u00e9nio ativo, enzimas, tensoativos<\/p>\n","protected":false},"featured_media":5823,"template":"","meta":{"spay_email":""},"product_cat":[15],"product_tag":[],"class_list":{"0":"post-5822","1":"product","2":"type-product","3":"status-publish","4":"has-post-thumbnail","6":"product_cat-sem-categoria","8":"first","9":"instock","10":"taxable","11":"shipping-taxable","12":"purchasable","13":"product-type-simple"},"acf":[],"jetpack-related-posts":[{"id":5782,"url":"https:\/\/mundo.seashell.pt\/?product=clean-active-20-kg-lavandaria-automaticamanual","url_meta":{"origin":5822,"position":0},"title":"Detergente Clean Active &#8211; Lavandaria Autom\u00e1tica\/Manual","date":"Fevereiro 23, 2022","format":false,"excerpt":"Detergente perfumado para lavagem manual e autom\u00e1tica da roupa com efeito poderoso de lavagem para todos os tipos de sujidade e de tecido.","rel":"","context":"Similar post","img":{"alt_text":"","src":"https:\/\/i0.wp.com\/mundo.seashell.pt\/wp-content\/uploads\/2022\/02\/clean_active.jpg?resize=350%2C200&ssl=1","width":350,"height":200},"classes":[]},{"id":6649,"url":"https:\/\/mundo.seashell.pt\/?product=sanytol-tira-nodoas-em-po-450gr","url_meta":{"origin":5822,"position":1},"title":"Sanytol Tira N\u00f3doas em P\u00f3 450gr","date":"Fevereiro 23, 2022","format":false,"excerpt":"Tira-N\u00f3doas Desinfetante em p\u00f3 que destr\u00f3i 99,9% dos micr\u00f3bios e que elimina eficazmente as manchas mais persistentes mesmo a baixas temperaturas. A sua f\u00f3rmula \u00fanica \u00e0 base de enzimas e oxig\u00e9nio ativo penetra no cora\u00e7\u00e3o das fibras t\u00eaxteis para remover as n\u00f3doas, eliminar o tom amarelado e reavivar o branco\u2026","rel":"","context":"Similar post","img":{"alt_text":"","src":"https:\/\/i0.wp.com\/mundo.seashell.pt\/wp-content\/uploads\/2022\/02\/SANYTOL_TIRA_NO_DOAS_BRANQUEADOR_450g_3045206382601.png?resize=350%2C200&ssl=1","width":350,"height":200},"classes":[]},{"id":5820,"url":"https:\/\/mundo.seashell.pt\/?product=stain-active-5kg-lavandaria-automaticamanual","url_meta":{"origin":5822,"position":2},"title":"Aditivo Tira-N\u00f3doas Stain Active &#8211; Lavandaria Autom\u00e1tica\/Manual","date":"Fevereiro 23, 2022","format":false,"excerpt":"AditivoTira-N\u00f3doas Para Lavagem Manual e Autom\u00e1tica de Tecidos Brancos ou de Cor com um branqueamento e a\u00e7\u00e3o neutralizante do mau cheiro de qualidade superior.","rel":"","context":"Similar post","img":{"alt_text":"","src":"https:\/\/i0.wp.com\/mundo.seashell.pt\/wp-content\/uploads\/2022\/02\/stain_active.jpg?resize=350%2C200&ssl=1","width":350,"height":200},"classes":[]},{"id":5752,"url":"https:\/\/mundo.seashell.pt\/?product=solim-oxiclean-10kg","url_meta":{"origin":5822,"position":3},"title":"Solim Oxiclean 10Kg","date":"Fevereiro 23, 2022","format":false,"excerpt":"N\u00f3doas dif\u00edceis: Fazer uma solu\u00e7\u00e3o com: 1 litro de \u00e1gua e 15g de SOLIM OXICLEAN.","rel":"","context":"Similar post","img":{"alt_text":"","src":"https:\/\/i0.wp.com\/mundo.seashell.pt\/wp-content\/uploads\/2022\/02\/Oxiclean.jpg?resize=350%2C200&ssl=1","width":350,"height":200},"classes":[]},{"id":5750,"url":"https:\/\/mundo.seashell.pt\/?product=stark-oxiblanc-10kg-lavandaria-manual","url_meta":{"origin":5822,"position":4},"title":"Branqueador Stark Oxiblanc 10Kg &#8211; Lavandaria Manual","date":"Fevereiro 23, 2022","format":false,"excerpt":"Branqueador em p\u00f3 para lavagem de roupa.","rel":"","context":"Similar post","img":{"alt_text":"","src":"https:\/\/i0.wp.com\/mundo.seashell.pt\/wp-content\/uploads\/2022\/02\/STARK_OXIBLANC_PhotoRoom_20210402_103319.jpg?resize=350%2C200&ssl=1","width":350,"height":200},"classes":[]},{"id":5758,"url":"https:\/\/mundo.seashell.pt\/?product=fun-oxiactivo-1kg","url_meta":{"origin":5822,"position":5},"title":"Fun Oxiactivo 1Kg","date":"Fevereiro 23, 2022","format":false,"excerpt":"O Fun Oxiactivo e\u0301 um aditivo em po\u0301 para remoc\u0327a\u0303o de no\u0301doas em todo o tipo de roupa.","rel":"","context":"Similar post","img":{"alt_text":"","src":"https:\/\/i0.wp.com\/mundo.seashell.pt\/wp-content\/uploads\/2022\/02\/Fun_Oxiactivo_PhotoRoom_20210402_103021.jpg?resize=350%2C200&ssl=1","width":350,"height":200},"classes":[]}],"_links":{"self":[{"href":"https:\/\/mundo.seashell.pt\/index.php?rest_route=\/wp\/v2\/product\/5822","targetHints":{"allow":["GET"]}}],"collection":[{"href":"https:\/\/mundo.seashell.pt\/index.php?rest_route=\/wp\/v2\/product"}],"about":[{"href":"https:\/\/mundo.seashell.pt\/index.php?rest_route=\/wp\/v2\/types\/product"}],"wp:featuredmedia":[{"embeddable":true,"href":"https:\/\/mundo.seashell.pt\/index.php?rest_route=\/wp\/v2\/media\/5823"}],"wp:attachment":[{"href":"https:\/\/mundo.seashell.pt\/index.php?rest_route=%2Fwp%2Fv2%2Fmedia&parent=5822"}],"wp:term":[{"taxonomy":"product_cat","embeddable":true,"href":"https:\/\/mundo.seashell.pt\/index.php?rest_route=%2Fwp%2Fv2%2Fproduct_cat&post=5822"},{"taxonomy":"product_tag","embeddable":true,"href":"https:\/\/mundo.seashell.pt\/index.php?rest_route=%2Fwp%2Fv2%2Fproduct_tag&post=5822"}],"curies":[{"name":"wp","href":"https:\/\/api.w.org\/{rel}","templated":true}]}}