{"id":5814,"date":"2022-02-23T11:39:49","date_gmt":"2022-02-23T11:39:49","guid":{"rendered":"https:\/\/mundo.seashell.pt\/?post_type=product&#038;p=5814"},"modified":"2022-02-23T11:39:52","modified_gmt":"2022-02-23T11:39:52","slug":"alka-power-24-kg-lavandaria-automatica","status":"publish","type":"product","link":"https:\/\/mundo.seashell.pt\/?product=alka-power-24-kg-lavandaria-automatica","title":{"rendered":"Aditivo Alcalino Alka Power 24Kg &#8211; Lavandaria Autom\u00e1tica"},"content":{"rendered":"<h2>Aditivo alcalino sequestraste para lavagem autom\u00e1tica de roupa<\/h2>\n<p>Aumenta o poder sequestrante no ciclo de lavagem<\/p>\n<p>Alto poder alcalinizante, com forte ac\u00e7\u00e3o anti-redepositante<\/p>\n<p>Otimizado para uso com produtos do sistema Oxipur<\/p>\n<h4><\/h4>\n<h4>Descri\u00e7\u00e3o<\/h4>\n<p>Alcalinizante de alta concentra\u00e7\u00e3o com poder sequestrante para lavagem autom\u00e1tica de roupa, exceto l\u00e3 e tecidos delicados. <br \/>Quando usado com produtos \u00e0 base de oxig\u00e9nio (Oxy Active e Per Active), \u00e9 capaz de aumentar seu poder oxidante dentro do ciclo de lavagem.<br \/>F\u00f3rmula com mat\u00e9rias-primas eco-compat\u00edveis.<\/p>\n<p>O produto ALKA POWER, usado em combina\u00e7\u00e3o com ENZY EXTRA e PER ACTIVE, \u00e8   <strong>certificado VAH<\/strong>. Para obter mais informa\u00e7\u00f5es, consulte o Anexo VAH.<\/p>\n<h4><\/h4>\n<h4>Dilui\u00e7\u00e3o<\/h4>\n<p>Dosear em fun\u00e7\u00e3o do ciclo de lavado, da dureza da \u00e1gua e do tipo de sujidade. A dose e a temperatura aconselhadas consentem poupar e reduzir ao m\u00ednimo o impacto ambiental e o consumo de \u00e1gua e de energia. Contatar os t\u00e9cnicos da Sutter Professional.<\/p>\n<p><strong>Especifica\u00e7\u00f5es<\/strong><\/p>\n<p>Doses (ml\/kg de roupas):<\/p>\n<table>\n<tbody>\n<tr>\n<td><strong>Dureza del agua<\/strong><\/td>\n<td><strong>Pouca sujeira<\/strong><\/td>\n<td><strong>Sujeira normal<\/strong><\/td>\n<td><strong>Muita sujeira<\/strong><\/td>\n<\/tr>\n<tr>\n<td>\u00c1guas macias (0-15\u00b0 F)<\/td>\n<td>1 ml\/kg<\/td>\n<td>2 ml\/kg<\/td>\n<td>3 ml\/kg<\/td>\n<\/tr>\n<tr>\n<td>\u00c1guas m\u00e9dias (15-25\u00b0 F)<\/td>\n<td>3 ml\/kg<\/td>\n<td>5 ml\/kg<\/td>\n<td>6 ml\/kg<\/td>\n<\/tr>\n<tr>\n<td>\u00c1guas duras (&gt; 25\u00b0 F)<\/td>\n<td>6 ml\/kg<\/td>\n<td>9 ml\/kg<\/td>\n<td>12 ml\/kg<\/td>\n<\/tr>\n<\/tbody>\n<\/table>\n<p><strong>Como usar<\/strong><\/p>\n<p>Deve ser utilizado com outros produtos da linha Oxipur e com sistemas autom\u00e1ticos de dosagem Sutter Tech.<\/p>\n","protected":false},"excerpt":{"rendered":"<p>Aditivo alcalino secuestrante para lavagem autom\u00e1tica de roupa<\/p>\n","protected":false},"featured_media":5815,"template":"","meta":{"spay_email":""},"product_cat":[15],"product_tag":[],"class_list":{"0":"post-5814","1":"product","2":"type-product","3":"status-publish","4":"has-post-thumbnail","6":"product_cat-sem-categoria","8":"first","9":"instock","10":"taxable","11":"shipping-taxable","12":"purchasable","13":"product-type-simple"},"acf":[],"jetpack-related-posts":[{"id":5786,"url":"https:\/\/mundo.seashell.pt\/?product=alka-extra-22-kg-lavandaria-automatica","url_meta":{"origin":5814,"position":0},"title":"Detergente Aditivo Alka Extra 22 Kg &#8211; Lavandaria Autom\u00e1tica","date":"Fevereiro 23, 2022","format":false,"excerpt":"Detergente aditivo refor\u00e7ador para a lavagem autom\u00e1tica dos tecidos.","rel":"","context":"Similar post","img":{"alt_text":"","src":"https:\/\/i0.wp.com\/mundo.seashell.pt\/wp-content\/uploads\/2022\/02\/alka_extra_4.jpg?resize=350%2C200&ssl=1","width":350,"height":200},"classes":[]},{"id":5784,"url":"https:\/\/mundo.seashell.pt\/?product=enzy-extra-5-kg-lavandaria-automaticamanual","url_meta":{"origin":5814,"position":1},"title":"Detergente Enzy Extra &#8211; Lavandaria Autom\u00e1tica\/Manual","date":"Fevereiro 23, 2022","format":false,"excerpt":"Detergente completo enzim\u00e1tico para lavagem manual e autom\u00e1tica de tecidos","rel":"","context":"Similar post","img":{"alt_text":"","src":"https:\/\/i0.wp.com\/mundo.seashell.pt\/wp-content\/uploads\/2022\/02\/enzy_extra.jpg?resize=350%2C200&ssl=1","width":350,"height":200},"classes":[]},{"id":5790,"url":"https:\/\/mundo.seashell.pt\/?product=alka-plus-24-kg-lavandaria-automatica","url_meta":{"origin":5814,"position":2},"title":"Detergente Alcalino Alka Plus 24 Kg &#8211; Lavandaria Autom\u00e1tica","date":"Fevereiro 23, 2022","format":false,"excerpt":"Detergente alcalino para lavagem autom\u00e1tica de roupa. Para lavagem com crit\u00e9rios ambientais e para um grau de sujidade padr\u00e3o.","rel":"","context":"Similar post","img":{"alt_text":"","src":"https:\/\/i0.wp.com\/mundo.seashell.pt\/wp-content\/uploads\/2022\/02\/PhotoRoom_20210325_092134.jpg?resize=350%2C200&ssl=1","width":350,"height":200},"classes":[]},{"id":5762,"url":"https:\/\/mundo.seashell.pt\/?product=per-active-22kg-lavandaria-automatica","url_meta":{"origin":5814,"position":3},"title":"Branqueador Per Active 22Kg &#8211; Lavandaria Autom\u00e1tica","date":"Fevereiro 23, 2022","format":false,"excerpt":"Branqueador a base de \u00e1cido perac\u00e9tico, formulado para trabalhar em m\u00e9dia ou baixa temperatura e com efeito higienizante.","rel":"","context":"Similar post","img":{"alt_text":"","src":"https:\/\/i0.wp.com\/mundo.seashell.pt\/wp-content\/uploads\/2022\/02\/peractive.jpg?resize=350%2C200&ssl=1","width":350,"height":200},"classes":[]},{"id":5796,"url":"https:\/\/mundo.seashell.pt\/?product=stark-aditiv-plus-20kg-lavandaria-automatica","url_meta":{"origin":5814,"position":4},"title":"Stark Aditiv Plus 20Kg &#8211; Lavandaria Autom\u00e1tica","date":"Fevereiro 23, 2022","format":false,"excerpt":"Aditivo alcalino para n\u00f3doas dif\u00edceis.","rel":"","context":"Similar post","img":{"alt_text":"","src":"https:\/\/i0.wp.com\/mundo.seashell.pt\/wp-content\/uploads\/2022\/02\/Stark_Aditiv_Plus_PhotoRoom_20210402_103000.jpg?resize=350%2C200&ssl=1","width":350,"height":200},"classes":[]},{"id":5780,"url":"https:\/\/mundo.seashell.pt\/?product=boost-2-10lt-lavandaria-automatica","url_meta":{"origin":5814,"position":5},"title":"Detergente Boost 2 10Lt &#8211; Lavandaria Autom\u00e1tica","date":"Fevereiro 23, 2022","format":false,"excerpt":"Detergente refor\u00e7ador para lavagem autom\u00e1tica de tecidos","rel":"","context":"Similar post","img":{"alt_text":"","src":"https:\/\/i0.wp.com\/mundo.seashell.pt\/wp-content\/uploads\/2022\/02\/boost_2.jpg?resize=350%2C200&ssl=1","width":350,"height":200},"classes":[]}],"_links":{"self":[{"href":"https:\/\/mundo.seashell.pt\/index.php?rest_route=\/wp\/v2\/product\/5814","targetHints":{"allow":["GET"]}}],"collection":[{"href":"https:\/\/mundo.seashell.pt\/index.php?rest_route=\/wp\/v2\/product"}],"about":[{"href":"https:\/\/mundo.seashell.pt\/index.php?rest_route=\/wp\/v2\/types\/product"}],"wp:featuredmedia":[{"embeddable":true,"href":"https:\/\/mundo.seashell.pt\/index.php?rest_route=\/wp\/v2\/media\/5815"}],"wp:attachment":[{"href":"https:\/\/mundo.seashell.pt\/index.php?rest_route=%2Fwp%2Fv2%2Fmedia&parent=5814"}],"wp:term":[{"taxonomy":"product_cat","embeddable":true,"href":"https:\/\/mundo.seashell.pt\/index.php?rest_route=%2Fwp%2Fv2%2Fproduct_cat&post=5814"},{"taxonomy":"product_tag","embeddable":true,"href":"https:\/\/mundo.seashell.pt\/index.php?rest_route=%2Fwp%2Fv2%2Fproduct_tag&post=5814"}],"curies":[{"name":"wp","href":"https:\/\/api.w.org\/{rel}","templated":true}]}}