{"id":5734,"date":"2022-02-23T11:37:12","date_gmt":"2022-02-23T11:37:12","guid":{"rendered":"https:\/\/mundo.seashell.pt\/?post_type=product&#038;p=5734"},"modified":"2022-02-23T11:37:13","modified_gmt":"2022-02-23T11:37:13","slug":"fun-supersoft-talco-5l","status":"publish","type":"product","link":"https:\/\/mundo.seashell.pt\/?product=fun-supersoft-talco-5l","title":{"rendered":"Amaciador Fun Supersoft 5L &#8211; Lavandaria Autom\u00e1tica\/Manual"},"content":{"rendered":"<p>Amaciador para a roupa<\/p>\n<p><strong><br \/><\/strong><\/p>\n<p><strong>PROPRIEDADES<\/strong><\/p>\n<p>Devido \u00e0 sua composi\u00e7\u00e3o qu\u00edmica (tensioativos cati\u00f3nicos) confere \u00e0&nbsp;roupa um toque macio e aveludado.<\/p>\n<p>Previne a liga\u00e7\u00e3o de fibras individuais e a cria\u00e7\u00e3o de eletricidade&nbsp;est\u00e1tica dos tecidos, evitando que retenham a sujidade.<\/p>\n<p>Deixa na roupa um cheiro agrad\u00e1vel.<\/p>\n<p><strong><br \/><\/strong><\/p>\n<p><strong>CONDI\u00c7\u00d5ES DE UTILIZA\u00c7\u00c3O<\/strong><\/p>\n<p>Dever\u00e3o ser respeitadas as instru\u00e7\u00f5es do fabricante da m\u00e1quina.<\/p>\n<p>Verter 30mL de Fun SuperSoft, sem diluir, na gaveta predestinada&nbsp;para amaciador. Esta dose \u00e9 a recomendada para maquinas de 4-5kg. Este produto n\u00e3o deve ser utilizado em tecidos de microfibras.<\/p>\n<p><strong><br \/><\/strong><\/p>\n<p><strong>CARACTERISTICAS FISICO QU\u00cdMICAS<\/strong><\/p>\n<p>Aspecto: Produto L\u00edquido<\/p>\n<p>pH 5<\/p>\n<p>Biodegrad\u00e1vel, conforme regulamento (CE) No 648\/2004 Anexo II e III<\/p>\n","protected":false},"excerpt":{"rendered":"<p>Amaciador para a roupa<\/p>\n","protected":false},"featured_media":5735,"template":"","meta":{"spay_email":""},"product_cat":[15],"product_tag":[],"class_list":{"0":"post-5734","1":"product","2":"type-product","3":"status-publish","4":"has-post-thumbnail","6":"product_cat-sem-categoria","8":"first","9":"instock","10":"taxable","11":"shipping-taxable","12":"purchasable","13":"product-type-simple"},"acf":[],"jetpack-related-posts":[{"id":5732,"url":"https:\/\/mundo.seashell.pt\/?product=fun-soft-talco-e-flor-de-algodao-2l","url_meta":{"origin":5734,"position":0},"title":"Amaciador Fun Soft 2L &#8211; 80 Doses","date":"Fevereiro 23, 2022","format":false,"excerpt":"Amaciador para a roupa","rel":"","context":"Similar post","img":{"alt_text":"","src":"https:\/\/i0.wp.com\/mundo.seashell.pt\/wp-content\/uploads\/2022\/02\/fun_amaciador_80_doses.jpg?resize=350%2C200&ssl=1","width":350,"height":200},"classes":[]},{"id":5730,"url":"https:\/\/mundo.seashell.pt\/?product=stark-power-5l-lavandaria-automaticamanual","url_meta":{"origin":5734,"position":1},"title":"Amaciador Stark Power &#8211; Lavandaria Autom\u00e1tica\/Manual","date":"Fevereiro 23, 2022","format":false,"excerpt":"Amaciador super perfumado com microc\u00e1psulas para a roupa.","rel":"","context":"Similar post","img":{"alt_text":"","src":"https:\/\/i0.wp.com\/mundo.seashell.pt\/wp-content\/uploads\/2022\/02\/stark_power.jpg?resize=350%2C200&ssl=1","width":350,"height":200},"classes":[]},{"id":5728,"url":"https:\/\/mundo.seashell.pt\/?product=solim-amaciador-talco-5l-lavandaria-automaticamanual","url_meta":{"origin":5734,"position":2},"title":"Solim Amaciador &#8211; Lavandaria Autom\u00e1tica\/Manual","date":"Fevereiro 23, 2022","format":false,"excerpt":"Solim Amaciador - Lavandaria Autom\u00e1tica \/ Manual","rel":"","context":"Similar post","img":{"alt_text":"","src":"https:\/\/i0.wp.com\/mundo.seashell.pt\/wp-content\/uploads\/2022\/02\/Solim_Amaciador_Talco_PhotoRoom_20210402_103505.jpg?resize=350%2C200&ssl=1","width":350,"height":200},"classes":[]},{"id":5810,"url":"https:\/\/mundo.seashell.pt\/?product=fun-perfumador-roupa-fragancy-750ml","url_meta":{"origin":5734,"position":3},"title":"Fun Perfumador Roupa Fragancy 750Ml &#8211; Lavandaria Manual","date":"Fevereiro 23, 2022","format":false,"excerpt":"O Fun Perfumador pode ser utilizado como um complemento ao amaciador, refor\u00e7ando o seu desempenho.","rel":"","context":"Similar post","img":{"alt_text":"","src":"https:\/\/i0.wp.com\/mundo.seashell.pt\/wp-content\/uploads\/2022\/02\/PERFUME_77_OK_PhotoRoom_20210402_103232.jpg?resize=350%2C200&ssl=1","width":350,"height":200},"classes":[]},{"id":5738,"url":"https:\/\/mundo.seashell.pt\/?product=soft-power-caps-5kg-lavandaria-automaticamanual","url_meta":{"origin":5734,"position":4},"title":"Amaciador Soft Power Caps &#8211; Lavandaria Autom\u00e1tica\/Manual","date":"Fevereiro 23, 2022","format":false,"excerpt":"Amaciador concentrado altamente perfumado para lavagem da roupa tecnologia patenteada com microc\u00e1psulas","rel":"","context":"Similar post","img":{"alt_text":"","src":"https:\/\/i0.wp.com\/mundo.seashell.pt\/wp-content\/uploads\/2022\/02\/soft_power_caps.jpg?resize=350%2C200&ssl=1","width":350,"height":200},"classes":[]},{"id":6597,"url":"https:\/\/mundo.seashell.pt\/?product=lenor-amaciador-de-roupa-37-doses","url_meta":{"origin":5734,"position":5},"title":"Lenor Amaciador de Roupa 37 Doses","date":"Fevereiro 23, 2022","format":false,"excerpt":"Com Lenor, transforme as suas tarefas di\u00e1rias em experi\u00eancias sensoriais. Com a sua exuberante combina\u00e7\u00e3o de um misterioso cocktail de bergamota e um buquet arejado da delicada fr\u00e9sia e jasmim radiante, a sua sofisticada ess\u00eancia multi-sensorial foi inspirada pelas \u00faltimas tend\u00eancias. Al\u00e9m disso, este amaciador para roupa foi desenvolvido par...","rel":"","context":"Similar post","img":{"alt_text":"","src":"https:\/\/i0.wp.com\/mundo.seashell.pt\/wp-content\/uploads\/2022\/02\/LENOR_AMACIADOR_AMETISTA_37D_8006540002957.png?resize=350%2C200&ssl=1","width":350,"height":200},"classes":[]}],"_links":{"self":[{"href":"https:\/\/mundo.seashell.pt\/index.php?rest_route=\/wp\/v2\/product\/5734","targetHints":{"allow":["GET"]}}],"collection":[{"href":"https:\/\/mundo.seashell.pt\/index.php?rest_route=\/wp\/v2\/product"}],"about":[{"href":"https:\/\/mundo.seashell.pt\/index.php?rest_route=\/wp\/v2\/types\/product"}],"wp:featuredmedia":[{"embeddable":true,"href":"https:\/\/mundo.seashell.pt\/index.php?rest_route=\/wp\/v2\/media\/5735"}],"wp:attachment":[{"href":"https:\/\/mundo.seashell.pt\/index.php?rest_route=%2Fwp%2Fv2%2Fmedia&parent=5734"}],"wp:term":[{"taxonomy":"product_cat","embeddable":true,"href":"https:\/\/mundo.seashell.pt\/index.php?rest_route=%2Fwp%2Fv2%2Fproduct_cat&post=5734"},{"taxonomy":"product_tag","embeddable":true,"href":"https:\/\/mundo.seashell.pt\/index.php?rest_route=%2Fwp%2Fv2%2Fproduct_tag&post=5734"}],"curies":[{"name":"wp","href":"https:\/\/api.w.org\/{rel}","templated":true}]}}