{"id":5726,"date":"2022-02-23T11:36:48","date_gmt":"2022-02-23T11:36:48","guid":{"rendered":"https:\/\/mundo.seashell.pt\/?post_type=product&#038;p=5726"},"modified":"2022-02-23T11:36:50","modified_gmt":"2022-02-23T11:36:50","slug":"stark-inox-500ml","status":"publish","type":"product","link":"https:\/\/mundo.seashell.pt\/?product=stark-inox-500ml","title":{"rendered":"Abrilhantador Stark Inox 500Ml"},"content":{"rendered":"<p>Abrilhantamento de a\u00e7o inox<\/p>\n<p><strong><br \/><\/strong><\/p>\n<p><strong>PROPRIEDADES<\/strong><\/p>\n<p>O STARK\u00ae INOX \u00e9 um produto especialmente formulado para polir&nbsp;superf\u00edcies em a\u00e7o inoxid\u00e1vel. A sua f\u00f3rmula permite uma limpeza&nbsp;profunda, protegendo e abrilhantando as superf\u00edcies.<\/p>\n<p>O STARK\u00ae INOX forma um filme protetor sobre o a\u00e7o inox, deixando brilhante e resistente por mais tempo a marcas de dedos e pingos de&nbsp;\u00e1gua, prolongando o seu aspeto polido.<\/p>\n<p><strong><br \/><\/strong><\/p>\n<p><strong>CONDI\u00c7\u00d5ES DE UTILIZA\u00c7\u00c3O<\/strong><\/p>\n<p>Pulverizar o produto sobre um pano limpo e seco e passar o pano&nbsp;sobre as superf\u00edcies a limpar.&nbsp;Para um brilho mais intenso, passar de seguida com um pano seco.<\/p>\n<p><strong><br \/><\/strong><\/p>\n<p><strong>CARACTERISTICAS FISICO QU\u00cdMICAS<\/strong><\/p>\n<p>Aspecto: Produto L\u00edquido<\/p>\n<p>Cor: incolor<\/p>\n<p>Perfume caracter\u00edstico<\/p>\n<p>Biodegrad\u00e1vel, conforme regulamento (CE) N\u00ba 648\/2004 Anexo II e III<\/p>\n","protected":false},"excerpt":{"rendered":"<p>O STARK\u00ae INOX \u00e9 um produto especialmente formulado para polir superf\u00edcies em a\u00e7o inoxid\u00e1vel. A sua f\u00f3rmula permite uma limpeza profunda, protegendo e abrilhantando as superf\u00edcies.<\/p>\n","protected":false},"featured_media":5727,"template":"","meta":{"spay_email":""},"product_cat":[15],"product_tag":[],"class_list":{"0":"post-5726","1":"product","2":"type-product","3":"status-publish","4":"has-post-thumbnail","6":"product_cat-sem-categoria","8":"first","9":"instock","10":"taxable","11":"shipping-taxable","12":"purchasable","13":"product-type-simple"},"acf":[],"jetpack-related-posts":[{"id":5706,"url":"https:\/\/mundo.seashell.pt\/?product=tergi-inox-500ml","url_meta":{"origin":5726,"position":0},"title":"Limpador para Superf\u00edcies Tergi Inox 500Ml","date":"Fevereiro 23, 2022","format":false,"excerpt":"Ideal para uma r\u00e1pida limpeza de bancadas de distribui\u00e7\u00e3o de alimentos, frigor\u00edficos, m\u00e1quinas de lavar lou\u00e7a, lavabos, elevadores, m\u00e1quinas registadoras, em a\u00e7o inoxid\u00e1vel acetinado ou polido.","rel":"","context":"Similar post","img":{"alt_text":"","src":"https:\/\/i0.wp.com\/mundo.seashell.pt\/wp-content\/uploads\/2022\/02\/tergi_inox.jpg?resize=350%2C200&ssl=1","width":350,"height":200},"classes":[]},{"id":6229,"url":"https:\/\/mundo.seashell.pt\/?product=esfregao-inox-vileda-10-unidades","url_meta":{"origin":5726,"position":1},"title":"Esfreg\u00e3o Inox &#8211; Vileda (10 unidades)","date":"Fevereiro 23, 2022","format":false,"excerpt":"Inox A espiral que limpa Esfreg\u00e3o muito resistente e dur\u00e1vel com alto desempenho de limpeza.Uso recomendado em todos os tipos de tarefas de limpeza hospitalar superintensiva e molhada em superf\u00edcies excepcionalmente sujas. 100% de a\u00e7o inoxid\u00e1vel \u00e9 ideal para lavagem intensiva e remo\u00e7\u00e3o de sujeira persistente. ...","rel":"","context":"Similar post","img":{"alt_text":"","src":"https:\/\/i0.wp.com\/mundo.seashell.pt\/wp-content\/uploads\/2022\/02\/02-scouring-07-inox-portrait_PhotoRoom_20210418_123604.jpg?resize=350%2C200&ssl=1","width":350,"height":200},"classes":[]},{"id":6066,"url":"https:\/\/mundo.seashell.pt\/?product=stark-vm-2l","url_meta":{"origin":5726,"position":2},"title":"Multiusos Stark VM 2L","date":"Fevereiro 23, 2022","format":false,"excerpt":"Detergente neutro ultraconcentrado indicado para a limpeza r\u00e1pida, por spray, de todo o tipo de superf\u00edcies lav\u00e1veis.","rel":"","context":"Similar post","img":{"alt_text":"","src":"","width":0,"height":0},"classes":[]},{"id":5612,"url":"https:\/\/mundo.seashell.pt\/?product=solux-pn-5l","url_meta":{"origin":5726,"position":3},"title":"Abrilhantador de Pneus &#8211; Solux PN &#8211; 5L","date":"Fevereiro 23, 2022","format":false,"excerpt":"L\u00edquido formulado para conferir elevado brilho e protec\u00e7\u00e3o de todas as superf\u00edcies de borracha, especialmente pneus.","rel":"","context":"Similar post","img":{"alt_text":"","src":"https:\/\/i0.wp.com\/mundo.seashell.pt\/wp-content\/uploads\/2022\/02\/SOLUX_PN_PhotoRoom_20210402_103142.jpg?resize=350%2C200&ssl=1","width":350,"height":200},"classes":[]},{"id":6075,"url":"https:\/\/mundo.seashell.pt\/?product=stark-wc-2l","url_meta":{"origin":5726,"position":4},"title":"Detergente Stark WC 2L","date":"Fevereiro 23, 2022","format":false,"excerpt":"Detergente concentrado \u00e1cido para WC com forte poder aromatizante","rel":"","context":"Similar post","img":{"alt_text":"","src":"https:\/\/i0.wp.com\/mundo.seashell.pt\/wp-content\/uploads\/2022\/02\/goods_02_436158_2.jpg?resize=350%2C200&ssl=1","width":350,"height":200},"classes":[]},{"id":6179,"url":"https:\/\/mundo.seashell.pt\/?product=pano-microroll","url_meta":{"origin":5726,"position":5},"title":"Pano MicroRoll","date":"Fevereiro 23, 2022","format":false,"excerpt":"MicroRoll O poder 100% da microfibra Nada limpa t\u00e3o profundo quanto microfibras. Elimina graxa e impress\u00f5es digitais sem esfregar. Como? As microfibras ultrafinas literalmente retiram a sujeira da superf\u00edcie.Voc\u00ea economiza tempo e dinheiro, especialmente porque voc\u00ea pode fazer o trabalho com um m\u00ednimo de produtos qu\u00edmico...","rel":"","context":"Similar post","img":{"alt_text":"","src":"https:\/\/i0.wp.com\/mundo.seashell.pt\/wp-content\/uploads\/2022\/02\/01-wiping-01-microfibre-cloths-08-microroll-microroll-detail-580x435_PhotoRoom_20210418_123129.jpg?resize=350%2C200&ssl=1","width":350,"height":200},"classes":[]}],"_links":{"self":[{"href":"https:\/\/mundo.seashell.pt\/index.php?rest_route=\/wp\/v2\/product\/5726","targetHints":{"allow":["GET"]}}],"collection":[{"href":"https:\/\/mundo.seashell.pt\/index.php?rest_route=\/wp\/v2\/product"}],"about":[{"href":"https:\/\/mundo.seashell.pt\/index.php?rest_route=\/wp\/v2\/types\/product"}],"wp:featuredmedia":[{"embeddable":true,"href":"https:\/\/mundo.seashell.pt\/index.php?rest_route=\/wp\/v2\/media\/5727"}],"wp:attachment":[{"href":"https:\/\/mundo.seashell.pt\/index.php?rest_route=%2Fwp%2Fv2%2Fmedia&parent=5726"}],"wp:term":[{"taxonomy":"product_cat","embeddable":true,"href":"https:\/\/mundo.seashell.pt\/index.php?rest_route=%2Fwp%2Fv2%2Fproduct_cat&post=5726"},{"taxonomy":"product_tag","embeddable":true,"href":"https:\/\/mundo.seashell.pt\/index.php?rest_route=%2Fwp%2Fv2%2Fproduct_tag&post=5726"}],"curies":[{"name":"wp","href":"https:\/\/api.w.org\/{rel}","templated":true}]}}