{"id":5720,"date":"2022-02-23T11:36:42","date_gmt":"2022-02-23T11:36:42","guid":{"rendered":"https:\/\/mundo.seashell.pt\/?post_type=product&#038;p=5720"},"modified":"2022-02-23T11:36:44","modified_gmt":"2022-02-23T11:36:44","slug":"cleanox-5kg","status":"publish","type":"product","link":"https:\/\/mundo.seashell.pt\/?product=cleanox-5kg","title":{"rendered":"Higienizante Cleanox 5Kg"},"content":{"rendered":"<h2>Detergente \u00e0 Base de Per\u00f3xido de Hidrog\u00eanio<br \/><\/h2>\n<ul>\n<li>Limpeza e higiene garantidas<\/li>\n<li>Tamb\u00e9m adequado para as ind\u00fastrias de alimentos (HACCP)<\/li>\n<\/ul>\n<h4><\/h4>\n<h4>Descri\u00e7\u00e3o<\/h4>\n<p>Detergente higienizante concentrado \u00e0 base de per\u00f3xido de hidrog\u00e9nio adequado para todas as superf\u00edcies lav\u00e1veis (pavimentos, paredes, bancadas, sanit\u00e1rios) e tamb\u00e9m adequados para uso no setor agroalimentar (HACCP). F\u00f3rmula desenvolvida com agentes <a target=\"_blank\" href=\"https:\/\/www.sutterprofessional.it\/pt\/sutterpedia#sequestrants\" rel=\"noopener\">sequestrantes<\/a> e surfactantes para garantir tamb\u00e9m um poder de limpeza.<\/p>\n<p>Em conformidade com as <a target=\"_blank\" href=\"https:\/\/www.sutterprofessional.it\/pt\/sutterpedia#rule\" rel=\"noopener\">normas<\/a> EN: 1276, 13697.<\/p>\n<table>\n<tbody>\n<tr>\n<td colspan=\"6\">PRINC\u00cdPIO ATIVO: <strong>Per\u00f3xido de hidrog\u00eanio<\/strong><\/td>\n<\/tr>\n<tr>\n<td colspan=\"2\">F\u00f3rmula<\/td>\n<td colspan=\"2\">Em dilui\u00e7\u00e3o 3%<\/td>\n<td colspan=\"2\">Em dilui\u00e7\u00e3o 10%<\/td>\n<\/tr>\n<tr>\n<td>Conc.<\/td>\n<td>18%<\/td>\n<td>Conc.<\/td>\n<td>0,54%<\/td>\n<td>Conc.<\/td>\n<td>1,8%<\/td>\n<\/tr>\n<tr>\n<td>ppm<\/td>\n<td>180\u02d9000<\/td>\n<td>ppm<\/td>\n<td>5\u02d9400<\/td>\n<td>ppm<\/td>\n<td>18\u02d9000<\/td>\n<\/tr>\n<\/tbody>\n<\/table>\n<h4>Dilui\u00e7\u00e3o<\/h4>\n<p>3% &#8211; 10% (de 15 ml a 50 ml em um frasco de 500 ml de \u00e1gua).<br \/>3% &#8211; 10% (de 300 ml a 1000 ml em um balde de 10 L de \u00e1gua).<\/p>\n<p><b>Para desenvolver 5\u02d9400 ppm de per\u00f3xido de hidrog\u00e9nio:<\/b><\/p>\n<ul>\n<li>3% (30 ml por cada litro de \u00e1gua).<\/li>\n<\/ul>\n<p><strong><span style=\"font-size: 11px;\"><span style=\"font-size: 18px;\"><br \/><\/span><\/span><\/strong><\/p>\n<p><strong><span style=\"font-size: 11px;\"><span style=\"font-size: 18px;\">Como usar<\/span><\/span><\/strong><\/p>\n<ul>\n<li>Uso manual: utiliz\u00e1vel em solu\u00e7\u00e3o, com a dilui\u00e7\u00e3o desejada, em frasco com pistola, nebulizador ou atomizador. Dilua o produto usando a torneira espec\u00edfica** ou gra\u00e7as ao uso do sistemas de dilui\u00e7\u00e3o autom\u00e1tica Sutter Tech (Accudose II ou Promax). Aplique a solu\u00e7\u00e3o uniformemente na superf\u00edcie, deixe actuar e enxague com \u00e1gua a baixa press\u00e3o.<\/li>\n<\/ul>\n<ul>\n<li>Utiliza\u00e7\u00e3o em imers\u00e3o: utiliz\u00e1vel em solu\u00e7\u00e3o, com a dilui\u00e7\u00e3o desejada, para a higieniza\u00e7\u00e3o de ferramentas de trabalho, pe\u00e7as remov\u00edveis de m\u00e1quinas\/equipamentos, esfreg\u00f5es e microfibras. Enxague com \u00e1gua.<\/li>\n<\/ul>\n<ul>\n<li>Uso em molho: utiliz\u00e1vel em solu\u00e7\u00e3o, com a dilui\u00e7\u00e3o desejada, para manter esfreg\u00f5es, panos e microfibras em um ambiente seguro com efeito bacteriost\u00e1tico. Enxague com \u00e1gua.<\/li>\n<\/ul>\n<ul>\n<li>Uso em carrinho de esfregona ou lavadora: utiliz\u00e1vel em solu\u00e7\u00e3o, com a dilui\u00e7\u00e3o desejada, para lavar pisos e superf\u00edcies. Ap\u00f3s o uso na lavadora, recomenda-se enxaguar, para evitar a oxida\u00e7\u00e3o partes de metal.<\/li>\n<\/ul>\n<p>Para mais informa\u00e7\u00f5es contactar os t\u00e9cnicos da Sutter Professional.<br \/>(**) 5 KG TANK TAP (C\u00f3d. 860323): torneira exclusiva gra\u00e7as ao uso de um pesco\u00e7o e fios especiais, \u00fatil para a correta dilui\u00e7\u00e3o do produto no frasco. Pode ser encomendado separadamente.<\/p>\n","protected":false},"excerpt":{"rendered":"<p>Detergente higienizante concentrado \u00e0 base de per\u00f3xido de hidrog\u00eanio adequado para todas as superf\u00edcies lav\u00e1veis <\/p>\n","protected":false},"featured_media":5721,"template":"","meta":{"spay_email":""},"product_cat":[15],"product_tag":[],"class_list":{"0":"post-5720","1":"product","2":"type-product","3":"status-publish","4":"has-post-thumbnail","6":"product_cat-sem-categoria","8":"first","9":"instock","10":"taxable","11":"shipping-taxable","12":"purchasable","13":"product-type-simple"},"acf":[],"jetpack-related-posts":[{"id":5718,"url":"https:\/\/mundo.seashell.pt\/?product=xtra-oxy-500ml","url_meta":{"origin":5720,"position":0},"title":"Higienizante Xtra-Oxy 500Ml","date":"Fevereiro 23, 2022","format":false,"excerpt":"\ufeffDetergente Higienizante pronto para uso \u00e0 base de per\u00f3xido de Hidrog\u00eanio adequado para todas as superf\u00edcies lav\u00e1veis","rel":"","context":"Similar post","img":{"alt_text":"","src":"https:\/\/i0.wp.com\/mundo.seashell.pt\/wp-content\/uploads\/2022\/02\/xtra_oxy.jpg?resize=350%2C200&ssl=1","width":350,"height":200},"classes":[]},{"id":5692,"url":"https:\/\/mundo.seashell.pt\/?product=per-citric-foam-22kg","url_meta":{"origin":5720,"position":1},"title":"Higienizante Desengordurante &#8211; Per Citric Foam 22Kg","date":"Fevereiro 23, 2022","format":false,"excerpt":"Espuma \u00e1cida com base em per\u00f3xido de hidrog\u00e9nio com alto poder de ader\u00eancia para uso em ambiente alimentar (conforme HACCP).","rel":"","context":"Similar post","img":{"alt_text":"","src":"https:\/\/i0.wp.com\/mundo.seashell.pt\/wp-content\/uploads\/2022\/02\/per_citric_foam.jpg?resize=350%2C200&ssl=1","width":350,"height":200},"classes":[]},{"id":5722,"url":"https:\/\/mundo.seashell.pt\/?product=xtra-alko-500ml","url_meta":{"origin":5720,"position":2},"title":"Higienizante Xtra-Alko 500Ml","date":"Fevereiro 23, 2022","format":false,"excerpt":"Detergente higienizante hidroalc\u00f3olico pronto para o uso, adequado para todas as superf\u00edcies lav\u00e1veis","rel":"","context":"Similar post","img":{"alt_text":"","src":"https:\/\/i0.wp.com\/mundo.seashell.pt\/wp-content\/uploads\/2022\/02\/xtra-alko.jpg?resize=350%2C200&ssl=1","width":350,"height":200},"classes":[]},{"id":5696,"url":"https:\/\/mundo.seashell.pt\/?product=chlordet-24kg","url_meta":{"origin":5720,"position":3},"title":"Desengordurante Higienizante Chlordet 24Kg","date":"Fevereiro 23, 2022","format":false,"excerpt":"Detergente desengordurante higienizante sem espuma com cloro ativo para lavagem manual, mec\u00e2nica o em CIP de todas as superf\u00edcies lav\u00e1veis.","rel":"","context":"Similar post","img":{"alt_text":"","src":"https:\/\/i0.wp.com\/mundo.seashell.pt\/wp-content\/uploads\/2022\/02\/chlordet.jpg?resize=350%2C200&ssl=1","width":350,"height":200},"classes":[]},{"id":5996,"url":"https:\/\/mundo.seashell.pt\/?product=onda-lime-5kg","url_meta":{"origin":5720,"position":4},"title":"Detergente Higienizante Onda Lime 5kg","date":"Fevereiro 23, 2022","format":false,"excerpt":"Detergente higienizante com efeito desodorizante para todas as superf\u00edcies lav\u00e1veis e para a manuten\u00e7\u00e3o de todos os tipos de pavimento.","rel":"","context":"Similar post","img":{"alt_text":"","src":"https:\/\/i0.wp.com\/mundo.seashell.pt\/wp-content\/uploads\/2022\/02\/onda_lime.jpg?resize=350%2C200&ssl=1","width":350,"height":200},"classes":[]},{"id":5978,"url":"https:\/\/mundo.seashell.pt\/?product=acid-plus-24-kg","url_meta":{"origin":5720,"position":5},"title":"Detergente Acid Plus 24 Kg","date":"Fevereiro 23, 2022","format":false,"excerpt":"Detergente desincrustante \u00e1cido sem espuma para lavagem manual, mec\u00e2nica ou em CIP de todas as superf\u00edcies lav\u00e1veis","rel":"","context":"Similar post","img":{"alt_text":"","src":"https:\/\/i0.wp.com\/mundo.seashell.pt\/wp-content\/uploads\/2022\/02\/acidplus.jpg?resize=350%2C200&ssl=1","width":350,"height":200},"classes":[]}],"_links":{"self":[{"href":"https:\/\/mundo.seashell.pt\/index.php?rest_route=\/wp\/v2\/product\/5720","targetHints":{"allow":["GET"]}}],"collection":[{"href":"https:\/\/mundo.seashell.pt\/index.php?rest_route=\/wp\/v2\/product"}],"about":[{"href":"https:\/\/mundo.seashell.pt\/index.php?rest_route=\/wp\/v2\/types\/product"}],"wp:featuredmedia":[{"embeddable":true,"href":"https:\/\/mundo.seashell.pt\/index.php?rest_route=\/wp\/v2\/media\/5721"}],"wp:attachment":[{"href":"https:\/\/mundo.seashell.pt\/index.php?rest_route=%2Fwp%2Fv2%2Fmedia&parent=5720"}],"wp:term":[{"taxonomy":"product_cat","embeddable":true,"href":"https:\/\/mundo.seashell.pt\/index.php?rest_route=%2Fwp%2Fv2%2Fproduct_cat&post=5720"},{"taxonomy":"product_tag","embeddable":true,"href":"https:\/\/mundo.seashell.pt\/index.php?rest_route=%2Fwp%2Fv2%2Fproduct_tag&post=5720"}],"curies":[{"name":"wp","href":"https:\/\/api.w.org\/{rel}","templated":true}]}}