{"id":5661,"date":"2022-02-23T11:34:54","date_gmt":"2022-02-23T11:34:54","guid":{"rendered":"https:\/\/mundo.seashell.pt\/?post_type=product&#038;p=5661"},"modified":"2022-02-23T11:34:56","modified_gmt":"2022-02-23T11:34:56","slug":"solim-gorduras-10kg","status":"publish","type":"product","link":"https:\/\/mundo.seashell.pt\/?product=solim-gorduras-10kg","title":{"rendered":"Desengordurante Alcalino &#8211; Solim Gorduras 10kg"},"content":{"rendered":"<p><strong><span style=\"font-size: 20px;\">DESENGORDURANTE ALCALINO P\u00d3<\/span><\/strong><\/p>\n<p>Limpeza profunda de gorduras em instala\u00e7\u00f5es industriais.<\/p>\n<p><\/p>\n<p><strong>PROPRIEDADES<\/strong><\/p>\n<p>Detergente em p\u00f3 concentrado, completamente sol\u00favel em \u00e1gua. Tem um forte componente alcalino e um bom poder molhante.<\/p>\n<p>A sua f\u00f3rmula cont\u00e9m uma \u00f3tima mistura de tensioactivos e alcalinos, que tornam o produto eficaz na remo\u00e7\u00e3o de gorduras carbonizadas. Pode ser utilizado em equipamentos em a\u00e7o inox mas deve ser evitada a sua utiliza\u00e7\u00e3o em equipamentos de alum\u00ednio ou outros materiais sens\u00edveis a produtos alcalinos.<\/p>\n<p>N\u00e3o faz espuma quando \u00e9 utilizado a temperaturas acima dos 55\u00b0C.<\/p>\n<\/p>\n<p><strong>CONDI\u00c7\u00d5ES DE UTILIZA\u00c7\u00c3O<\/strong><\/p>\n<p><strong>Limpeza de exaustores:<\/strong><\/p>\n<p>1. Desmontar o exaustor<\/p>\n<p>2. Colocar as pe\u00e7as numa solu\u00e7\u00e3o de \u00e1gua quente com 2 a 5% (20 a 50 g\/L de \u00e1gua) de SOLIM\u00ae GORDURAS<\/p>\n<p>3. Deixar actuar durante 20-60 minutos<\/p>\n<p>4. Enxaguar com \u00e1gua limpa e deixar secar<\/p>\n<p><\/p>\n","protected":false},"excerpt":{"rendered":"<p>Detergente em p\u00f3 concentrado, completamente sol\u00favel em \u00e1gua. Tem um forte componente alcalino e um bom poder molhante.<\/p>\n","protected":false},"featured_media":5662,"template":"","meta":{"spay_email":""},"product_cat":[15],"product_tag":[],"class_list":{"0":"post-5661","1":"product","2":"type-product","3":"status-publish","4":"has-post-thumbnail","6":"product_cat-sem-categoria","8":"first","9":"instock","10":"taxable","11":"shipping-taxable","12":"purchasable","13":"product-type-simple"},"acf":[],"jetpack-related-posts":[{"id":5665,"url":"https:\/\/mundo.seashell.pt\/?product=stark-des-super-2l","url_meta":{"origin":5661,"position":0},"title":"Desengordurante Concentrado &#8211; Stark Des Super 2L","date":"Fevereiro 23, 2022","format":false,"excerpt":"Detergente desengordurante l\u00edquido alcalino com um excelente desempenho na remo\u00e7\u00e3o de gorduras, \u00f3leos e outro tipo de sujidades. Produto de elevada rentabilidade e economia em uso.","rel":"","context":"Similar post","img":{"alt_text":"","src":"","width":0,"height":0},"classes":[]},{"id":5659,"url":"https:\/\/mundo.seashell.pt\/?product=solim-d-forte-5kg","url_meta":{"origin":5661,"position":1},"title":"Desengordurante Alcalino &#8211; Solim D-Forte 5Kg","date":"Fevereiro 23, 2022","format":false,"excerpt":"Desengordurante l\u00edquido alcalino com um excelente desempenho na remo\u00e7\u00e3o de gorduras, \u00f3leos e outro tipo de sujidades em pl\u00e1sticos, borracha, cimento e pedra.","rel":"","context":"Similar post","img":{"alt_text":"","src":"https:\/\/i0.wp.com\/mundo.seashell.pt\/wp-content\/uploads\/2022\/02\/SOLIM_D-FORTE_PhotoRoom_20210402_103423.jpg?resize=350%2C200&ssl=1","width":350,"height":200},"classes":[]},{"id":5764,"url":"https:\/\/mundo.seashell.pt\/?product=solim-maquina-at-10-kg-lavandaria-manual","url_meta":{"origin":5661,"position":2},"title":"Detergente em P\u00f3 Solim M\u00e1quina AT &#8211; Lavandaria Manual","date":"Fevereiro 23, 2022","format":false,"excerpt":"Detergente econ\u00f3mico atomizado para lavagem de roupa","rel":"","context":"Similar post","img":{"alt_text":"","src":"https:\/\/i0.wp.com\/mundo.seashell.pt\/wp-content\/uploads\/2022\/02\/SOLIM_MAQUINA_AT_PhotoRoom_20210402_103210.jpg?resize=350%2C200&ssl=1","width":350,"height":200},"classes":[]},{"id":5657,"url":"https:\/\/mundo.seashell.pt\/?product=solim-fogoes-5kg","url_meta":{"origin":5661,"position":3},"title":"Desengordurante Alcalino &#8211; Solim Fog\u00f5es 5Kg","date":"Fevereiro 23, 2022","format":false,"excerpt":"Desengordurante l\u00edquido com elevada alcalinidade e poder molhante. Remove todas as gorduras, mesmo as caramelizadas.","rel":"","context":"Similar post","img":{"alt_text":"","src":"https:\/\/i0.wp.com\/mundo.seashell.pt\/wp-content\/uploads\/2022\/02\/Solim_Fogo_es_PhotoRoom_20210402_103025.jpg?resize=350%2C200&ssl=1","width":350,"height":200},"classes":[]},{"id":5906,"url":"https:\/\/mundo.seashell.pt\/?product=fun-tira-gorduras-500ml","url_meta":{"origin":5661,"position":4},"title":"Fun Tira Gorduras  500ML","date":"Fevereiro 23, 2022","format":false,"excerpt":"Fun Tira Gorduras desengordurante l\u00edquido alcalino","rel":"","context":"Similar post","img":{"alt_text":"","src":"https:\/\/i0.wp.com\/mundo.seashell.pt\/wp-content\/uploads\/2022\/02\/FUN_TIRA_GORDURAS_PhotoRoom_20210402_103306.jpg?resize=350%2C200&ssl=1","width":350,"height":200},"classes":[]},{"id":5666,"url":"https:\/\/mundo.seashell.pt\/?product=cleaner-2000-5kg","url_meta":{"origin":5661,"position":5},"title":"Detergente Alcalino &#8211; Cleaner 2000 5Kg","date":"Fevereiro 23, 2022","format":false,"excerpt":"F\u00f3rmula com concentra\u00e7\u00e3o elevada e com um grande efeito sequestrante espec\u00edfico sujidade de origem gordurosa mesmo em superf\u00edcies microporosas.","rel":"","context":"Similar post","img":{"alt_text":"","src":"https:\/\/i0.wp.com\/mundo.seashell.pt\/wp-content\/uploads\/2022\/02\/cleaner_2000.jpg?resize=350%2C200&ssl=1","width":350,"height":200},"classes":[]}],"_links":{"self":[{"href":"https:\/\/mundo.seashell.pt\/index.php?rest_route=\/wp\/v2\/product\/5661","targetHints":{"allow":["GET"]}}],"collection":[{"href":"https:\/\/mundo.seashell.pt\/index.php?rest_route=\/wp\/v2\/product"}],"about":[{"href":"https:\/\/mundo.seashell.pt\/index.php?rest_route=\/wp\/v2\/types\/product"}],"wp:featuredmedia":[{"embeddable":true,"href":"https:\/\/mundo.seashell.pt\/index.php?rest_route=\/wp\/v2\/media\/5662"}],"wp:attachment":[{"href":"https:\/\/mundo.seashell.pt\/index.php?rest_route=%2Fwp%2Fv2%2Fmedia&parent=5661"}],"wp:term":[{"taxonomy":"product_cat","embeddable":true,"href":"https:\/\/mundo.seashell.pt\/index.php?rest_route=%2Fwp%2Fv2%2Fproduct_cat&post=5661"},{"taxonomy":"product_tag","embeddable":true,"href":"https:\/\/mundo.seashell.pt\/index.php?rest_route=%2Fwp%2Fv2%2Fproduct_tag&post=5661"}],"curies":[{"name":"wp","href":"https:\/\/api.w.org\/{rel}","templated":true}]}}