{"id":5659,"date":"2022-02-23T11:34:52","date_gmt":"2022-02-23T11:34:52","guid":{"rendered":"https:\/\/mundo.seashell.pt\/?post_type=product&#038;p=5659"},"modified":"2022-02-23T11:34:54","modified_gmt":"2022-02-23T11:34:54","slug":"solim-d-forte-5kg","status":"publish","type":"product","link":"https:\/\/mundo.seashell.pt\/?product=solim-d-forte-5kg","title":{"rendered":"Desengordurante Alcalino &#8211; Solim D-Forte 5Kg"},"content":{"rendered":"<p><strong><span style=\"font-size: 20px;\">DESENGORDURANTE ALCALINO<\/span><\/strong><\/p>\n<p><strong><br \/><\/strong><\/p>\n<p><strong>PROPRIEDADES<\/strong><\/p>\n<p>O SOLIM\u00ae D-FORTE \u00e9 um desengordurante l\u00edquido alcalino com um excelente desempenho na remo\u00e7\u00e3o de gorduras, \u00f3leos e outro tipo de sujidades em pl\u00e1sticos, borracha, cimento e pedra. N\u00e3o deve ser utilizado em superf\u00edcies de alum\u00ednio e n\u00e3o \u00e9 destinado ao efeito de acabamento das superf\u00edcies de inox.<\/p>\n<p>Pode ser utilizado no setor alimentar.<\/p>\n<\/p>\n<p><strong>CONDI\u00c7\u00d5ES DE UTILIZA\u00c7\u00c3O<\/strong><\/p>\n<p>Diluir o produto entre 1 a 10% (10 a 100 g\/L de \u00e1gua) e aplicar nas superf\u00edcies a limpar. Quando usado em \u00e1guas mais duras dever\u00e1 aumentar a concentra\u00e7\u00e3o. Ap\u00f3s dilui\u00e7\u00e3o, pulverizar ou esfregar a solu\u00e7\u00e3o sobre as superf\u00edcies deixando o produto atuar alguns minutos sem deixar secar. Enxaguar no final.<\/p>\n<\/p>\n<p><strong>CARACTERISTICAS FISICO QU\u00cdMICAS<\/strong><\/p>\n<p>Aspecto: Produto L\u00edquido<\/p>\n<p>Cor: avermelhado<\/p>\n<p>pH 14<\/p>\n<p>Biodegrad\u00e1vel, conforme regulamento (CE) N\u00ba 648\/2004 Anexo II e III<\/p>\n","protected":false},"excerpt":{"rendered":"<p>Desengordurante l\u00edquido alcalino com um excelente desempenho na remo\u00e7\u00e3o de gorduras, \u00f3leos e outro tipo de sujidades em pl\u00e1sticos, borracha, cimento e pedra.<\/p>\n","protected":false},"featured_media":5660,"template":"","meta":{"spay_email":""},"product_cat":[15],"product_tag":[],"class_list":{"0":"post-5659","1":"product","2":"type-product","3":"status-publish","4":"has-post-thumbnail","6":"product_cat-sem-categoria","8":"first","9":"instock","10":"taxable","11":"shipping-taxable","12":"purchasable","13":"product-type-simple"},"acf":[],"jetpack-related-posts":[{"id":5657,"url":"https:\/\/mundo.seashell.pt\/?product=solim-fogoes-5kg","url_meta":{"origin":5659,"position":0},"title":"Desengordurante Alcalino &#8211; Solim Fog\u00f5es 5Kg","date":"Fevereiro 23, 2022","format":false,"excerpt":"Desengordurante l\u00edquido com elevada alcalinidade e poder molhante. Remove todas as gorduras, mesmo as caramelizadas.","rel":"","context":"Similar post","img":{"alt_text":"","src":"https:\/\/i0.wp.com\/mundo.seashell.pt\/wp-content\/uploads\/2022\/02\/Solim_Fogo_es_PhotoRoom_20210402_103025.jpg?resize=350%2C200&ssl=1","width":350,"height":200},"classes":[]},{"id":6034,"url":"https:\/\/mundo.seashell.pt\/?product=solim-d-san-5kg","url_meta":{"origin":5659,"position":1},"title":"Solim D-San 5Kg","date":"Fevereiro 23, 2022","format":false,"excerpt":"Desengordurante, higienizante l\u00edquido, completamente sol\u00favel, inodoro, constitu\u00eddo por agentes \ufefforg\u00e2nicos e inorg\u00e2nicos capazes de remover \u00f3leos...","rel":"","context":"Similar post","img":{"alt_text":"","src":"https:\/\/i0.wp.com\/mundo.seashell.pt\/wp-content\/uploads\/2022\/02\/Solim_D_San_PhotoRoom_20210402_103339.jpg?resize=350%2C200&ssl=1","width":350,"height":200},"classes":[]},{"id":5665,"url":"https:\/\/mundo.seashell.pt\/?product=stark-des-super-2l","url_meta":{"origin":5659,"position":2},"title":"Desengordurante Concentrado &#8211; Stark Des Super 2L","date":"Fevereiro 23, 2022","format":false,"excerpt":"Detergente desengordurante l\u00edquido alcalino com um excelente desempenho na remo\u00e7\u00e3o de gorduras, \u00f3leos e outro tipo de sujidades. Produto de elevada rentabilidade e economia em uso.","rel":"","context":"Similar post","img":{"alt_text":"","src":"","width":0,"height":0},"classes":[]},{"id":5906,"url":"https:\/\/mundo.seashell.pt\/?product=fun-tira-gorduras-500ml","url_meta":{"origin":5659,"position":3},"title":"Fun Tira Gorduras  500ML","date":"Fevereiro 23, 2022","format":false,"excerpt":"Fun Tira Gorduras desengordurante l\u00edquido alcalino","rel":"","context":"Similar post","img":{"alt_text":"","src":"https:\/\/i0.wp.com\/mundo.seashell.pt\/wp-content\/uploads\/2022\/02\/FUN_TIRA_GORDURAS_PhotoRoom_20210402_103306.jpg?resize=350%2C200&ssl=1","width":350,"height":200},"classes":[]},{"id":5661,"url":"https:\/\/mundo.seashell.pt\/?product=solim-gorduras-10kg","url_meta":{"origin":5659,"position":4},"title":"Desengordurante Alcalino &#8211; Solim Gorduras 10kg","date":"Fevereiro 23, 2022","format":false,"excerpt":"Detergente em p\u00f3 concentrado, completamente sol\u00favel em \u00e1gua. Tem um forte componente alcalino e um bom poder molhante.","rel":"","context":"Similar post","img":{"alt_text":"","src":"https:\/\/i0.wp.com\/mundo.seashell.pt\/wp-content\/uploads\/2022\/02\/Solim_Gorduras_PhotoRoom_20210402_103656.jpg?resize=350%2C200&ssl=1","width":350,"height":200},"classes":[]},{"id":5390,"url":"https:\/\/mundo.seashell.pt\/?product=solux-super-auto-20kg","url_meta":{"origin":5659,"position":5},"title":"Desengordurante Solux Super Auto 20kg","date":"Fevereiro 23, 2022","format":false,"excerpt":"APLICAC\u0327A\u0303O Desengordurante alcalino PROPRIEDADES E\u0301 um produto li\u0301quido incolor, medianamente alcalino. Tem um forte poder detergente, que lhe confere propriedades desengordurantes difi\u0301ceis de conseguir com outros compostos. Devido a\u0300s suas caracteri\u0301sticas e\u0301 um produto d...","rel":"","context":"Similar post","img":{"alt_text":"","src":"https:\/\/i0.wp.com\/mundo.seashell.pt\/wp-content\/uploads\/2022\/02\/Solux_Super_Auto_PhotoRoom_20210402_103216.jpg?resize=350%2C200&ssl=1","width":350,"height":200},"classes":[]}],"_links":{"self":[{"href":"https:\/\/mundo.seashell.pt\/index.php?rest_route=\/wp\/v2\/product\/5659","targetHints":{"allow":["GET"]}}],"collection":[{"href":"https:\/\/mundo.seashell.pt\/index.php?rest_route=\/wp\/v2\/product"}],"about":[{"href":"https:\/\/mundo.seashell.pt\/index.php?rest_route=\/wp\/v2\/types\/product"}],"wp:featuredmedia":[{"embeddable":true,"href":"https:\/\/mundo.seashell.pt\/index.php?rest_route=\/wp\/v2\/media\/5660"}],"wp:attachment":[{"href":"https:\/\/mundo.seashell.pt\/index.php?rest_route=%2Fwp%2Fv2%2Fmedia&parent=5659"}],"wp:term":[{"taxonomy":"product_cat","embeddable":true,"href":"https:\/\/mundo.seashell.pt\/index.php?rest_route=%2Fwp%2Fv2%2Fproduct_cat&post=5659"},{"taxonomy":"product_tag","embeddable":true,"href":"https:\/\/mundo.seashell.pt\/index.php?rest_route=%2Fwp%2Fv2%2Fproduct_tag&post=5659"}],"curies":[{"name":"wp","href":"https:\/\/api.w.org\/{rel}","templated":true}]}}