{"id":5626,"date":"2022-02-23T11:33:46","date_gmt":"2022-02-23T11:33:46","guid":{"rendered":"https:\/\/mundo.seashell.pt\/?post_type=product&#038;p=5626"},"modified":"2022-02-23T11:33:48","modified_gmt":"2022-02-23T11:33:48","slug":"blowmy-hidroalcool-500ml","status":"publish","type":"product","link":"https:\/\/mundo.seashell.pt\/?product=blowmy-hidroalcool-500ml","title":{"rendered":"Desinfectante M\u00e3os &#8211; Blowmy Hidr\u00e1lcool 500Ml"},"content":{"rendered":"<p><strong><span style=\"font-size: 20px;\">Desinfectante para M\u00e3os<\/span><\/strong><\/p>\n<p><strong>PROPRIEDADES<\/strong><br \/>Solu\u00e7\u00e3o hidroalco\u00f3lica destinada \u00e0 higieniza\u00e7\u00e3o das m\u00e3os, sem necessidade de enxaguamento, sendo eficaz contra bact\u00e9rias, fungos e v\u00edrus.<br \/>Cont\u00e9m 70% de etanol (v\/v) e lanolina polietoxilada, um emoliente para a pele.<br \/>N\u00e3o cont\u00e9m perfumes ou corantes, sendo indicado para utiliza\u00e7\u00e3o em \u00e1reas de processamento alimentar.<\/p>\n<p><strong><br \/><\/strong><\/p>\n<p><strong>CONDI\u00c7\u00d5ES DE UTILIZA\u00c7\u00c3O<\/strong><br \/>Aplicar uma medida doseadora (1.5-2 ml) de Blowmy Hidro\u00e1lcool nas m\u00e3os e dedos. Esfregar durante 30 segundos at\u00e9 \u00e0 evapora\u00e7\u00e3o completa do produto.<br \/>Aplicar sempre que for necess\u00e1rio.<\/p>\n<p><strong><br \/><\/strong><\/p>\n<p><strong>CARACTERISTICAS FISICO QU\u00cdMICAS<\/strong><br \/>Aspeto: produto l\u00edquido<br \/>Cor: incolor<br \/>pH 6<\/p>\n<p>Produto notificado \u00e0 Dire\u00e7\u00e3o Geral da Sa\u00fade<br \/>Produto de acordo com as normas EN 1650:2019 e EN 1276:2019<\/p>\n","protected":false},"excerpt":{"rendered":"<p>Solu\u00e7\u00e3o hidroalco\u00f3lica destinada \u00e0 higieniza\u00e7\u00e3o das m\u00e3os, sem necessidade de enxaguamento.<\/p>\n","protected":false},"featured_media":5627,"template":"","meta":{"spay_email":""},"product_cat":[15],"product_tag":[],"class_list":{"0":"post-5626","1":"product","2":"type-product","3":"status-publish","4":"has-post-thumbnail","6":"product_cat-sem-categoria","8":"first","9":"instock","10":"taxable","11":"shipping-taxable","12":"purchasable","13":"product-type-simple"},"acf":[],"jetpack-related-posts":[{"id":5722,"url":"https:\/\/mundo.seashell.pt\/?product=xtra-alko-500ml","url_meta":{"origin":5626,"position":0},"title":"Higienizante Xtra-Alko 500Ml","date":"Fevereiro 23, 2022","format":false,"excerpt":"Detergente higienizante hidroalc\u00f3olico pronto para o uso, adequado para todas as superf\u00edcies lav\u00e1veis","rel":"","context":"Similar post","img":{"alt_text":"","src":"https:\/\/i0.wp.com\/mundo.seashell.pt\/wp-content\/uploads\/2022\/02\/xtra-alko.jpg?resize=350%2C200&ssl=1","width":350,"height":200},"classes":[]},{"id":5624,"url":"https:\/\/mundo.seashell.pt\/?product=solim-biopur-5l","url_meta":{"origin":5626,"position":1},"title":"Higienizante M\u00e3os &#8211; Solim Biopur 5L","date":"Fevereiro 23, 2022","format":false,"excerpt":"Higienizante para as m\u00e3os PROPRIEDADESO SOLIM\u00ae BIOPUR \u00e9 um higienizante com base de \u00e1lcool, incolor, de uso agrad\u00e1vel muito eficaz contra bact\u00e9rias, v\u00edrus e fungos. N\u00e3o cont\u00e9m perfumes ou corantes, sendo indicado para utiliza\u00e7\u00e3o em \u00e1reas de processamento alimentar. CONDI\u00c7\u00d5ES DE UTILIZA\u00c7\u00c3OPara higieniza\u00e7\u00e3o das m\u00e3os, aplicar uma medida doseadora e\u2026","rel":"","context":"Similar post","img":{"alt_text":"","src":"https:\/\/i0.wp.com\/mundo.seashell.pt\/wp-content\/uploads\/2022\/02\/Solim_Biopur_PhotoRoom_20210402_103353.jpg?resize=350%2C200&ssl=1","width":350,"height":200},"classes":[]},{"id":5642,"url":"https:\/\/mundo.seashell.pt\/?product=blowmy-gel-cosmetico-neutro-5-lts","url_meta":{"origin":5626,"position":2},"title":"Blowmy Gel Cosm\u00e9tico Neutro 5 Lts","date":"Fevereiro 23, 2022","format":false,"excerpt":"Sabonete l\u00edquido cremoso, com um \u00f3timo comportamento na lavagem das m\u00e3os.","rel":"","context":"Similar post","img":{"alt_text":"","src":"https:\/\/i0.wp.com\/mundo.seashell.pt\/wp-content\/uploads\/2022\/02\/Blowmy_Gel_Cosme_tico_Neutro_PhotoRoom_20210402_103431.jpg?resize=350%2C200&ssl=1","width":350,"height":200},"classes":[]},{"id":5644,"url":"https:\/\/mundo.seashell.pt\/?product=blowmy-dermo-espuma-5-lts","url_meta":{"origin":5626,"position":3},"title":"Sabonete M\u00e3os &#8211; Blowmy Dermo Espuma 5 Lts","date":"Fevereiro 23, 2022","format":false,"excerpt":"Sabonete Suave M\u00e3os\u00a0 Sabonete suave para as m\u00e3os de uso di\u00e1rio em espuma. PROPRIEDADESSabonete l\u00edquido perfumado, com um \u00f3timo comportamento na lavagem de m\u00e3os. F\u00f3rmula enriquecida com glicerina que proporciona uma agrad\u00e1vel sensa\u00e7\u00e3o de suavidade na pele ap\u00f3s a sua utiliza\u00e7\u00e3o. CONDI\u00c7\u00d5ES DE UTILIZA\u00c7\u00c3OPara a lavagem das m\u00e3os, aplicar uma\u2026","rel":"","context":"Similar post","img":{"alt_text":"","src":"","width":0,"height":0},"classes":[]},{"id":5640,"url":"https:\/\/mundo.seashell.pt\/?product=blowmy-sabonete-cremoso-5-lts","url_meta":{"origin":5626,"position":4},"title":"Blowmy Sabonete L\u00edquido","date":"Fevereiro 23, 2022","format":false,"excerpt":"Sabonete l\u00edquido cremoso e perfumado, com um \u00f3timo comportamento na lavagem de m\u00e3os.","rel":"","context":"Similar post","img":{"alt_text":"","src":"https:\/\/i0.wp.com\/mundo.seashell.pt\/wp-content\/uploads\/2022\/02\/blowmy_sabonete_liquido.jpg?resize=350%2C200&ssl=1","width":350,"height":200},"classes":[]},{"id":5716,"url":"https:\/\/mundo.seashell.pt\/?product=onda-rtu-500ml","url_meta":{"origin":5626,"position":5},"title":"Desinfectante Desodorizante Onda RTU 500Ml","date":"Fevereiro 23, 2022","format":false,"excerpt":"Detergente desinfectante desodorizante perfumado para superf\u00edcies.","rel":"","context":"Similar post","img":{"alt_text":"","src":"https:\/\/i0.wp.com\/mundo.seashell.pt\/wp-content\/uploads\/2022\/02\/onda_rtu.jpg?resize=350%2C200&ssl=1","width":350,"height":200},"classes":[]}],"_links":{"self":[{"href":"https:\/\/mundo.seashell.pt\/index.php?rest_route=\/wp\/v2\/product\/5626","targetHints":{"allow":["GET"]}}],"collection":[{"href":"https:\/\/mundo.seashell.pt\/index.php?rest_route=\/wp\/v2\/product"}],"about":[{"href":"https:\/\/mundo.seashell.pt\/index.php?rest_route=\/wp\/v2\/types\/product"}],"wp:featuredmedia":[{"embeddable":true,"href":"https:\/\/mundo.seashell.pt\/index.php?rest_route=\/wp\/v2\/media\/5627"}],"wp:attachment":[{"href":"https:\/\/mundo.seashell.pt\/index.php?rest_route=%2Fwp%2Fv2%2Fmedia&parent=5626"}],"wp:term":[{"taxonomy":"product_cat","embeddable":true,"href":"https:\/\/mundo.seashell.pt\/index.php?rest_route=%2Fwp%2Fv2%2Fproduct_cat&post=5626"},{"taxonomy":"product_tag","embeddable":true,"href":"https:\/\/mundo.seashell.pt\/index.php?rest_route=%2Fwp%2Fv2%2Fproduct_tag&post=5626"}],"curies":[{"name":"wp","href":"https:\/\/api.w.org\/{rel}","templated":true}]}}