{"id":5624,"date":"2022-02-23T11:33:44","date_gmt":"2022-02-23T11:33:44","guid":{"rendered":"https:\/\/mundo.seashell.pt\/?post_type=product&#038;p=5624"},"modified":"2022-02-23T11:33:46","modified_gmt":"2022-02-23T11:33:46","slug":"solim-biopur-5l","status":"publish","type":"product","link":"https:\/\/mundo.seashell.pt\/?product=solim-biopur-5l","title":{"rendered":"Higienizante M\u00e3os &#8211; Solim Biopur 5L"},"content":{"rendered":"<p><strong><span style=\"font-size: 20px;\">Higienizante para as m\u00e3os<\/span><\/strong><\/p>\n<p><\/p>\n<p><strong>PROPRIEDADES<\/strong><br \/>O SOLIM\u00ae BIOPUR \u00e9 um higienizante com base de \u00e1lcool, incolor, de uso agrad\u00e1vel muito eficaz contra bact\u00e9rias, v\u00edrus e fungos. N\u00e3o cont\u00e9m perfumes ou corantes, sendo indicado para utiliza\u00e7\u00e3o em \u00e1reas de processamento alimentar.<\/p>\n<p><strong><br \/><\/strong><\/p>\n<p><strong>CONDI\u00c7\u00d5ES DE UTILIZA\u00c7\u00c3O<\/strong><br \/>Para higieniza\u00e7\u00e3o das m\u00e3os, aplicar uma medida doseadora e esfregar durante 30 segundos at\u00e9 evapora\u00e7\u00e3o do produto, sem enxaguar.<\/p>\n<p><strong><br \/><\/strong><\/p>\n<p><strong>CARACTERISTICAS FISICO QU\u00cdMICAS<\/strong><br \/>Aspecto: Produto L\u00edquido<br \/>Cor: incolor<br \/>Biodegrad\u00e1vel, conforme regulamento (CE) N\u00ba 648\/2004 Anexo II e III<br \/>Teor em \u00e1lcool: 70%<\/p>\n<p><\/p>\n<p>Produto notificado \u00e0 Dire\u00e7\u00e3o Geral de Sa\u00fade<br \/>Produto de acordo com as normas EN 1650:2019 e EN 1276:2019<\/p>\n","protected":false},"excerpt":{"rendered":"<p>Higienizante para as m\u00e3os PROPRIEDADESO SOLIM\u00ae BIOPUR \u00e9 um higienizante com base de \u00e1lcool, incolor, de uso agrad\u00e1vel muito eficaz contra bact\u00e9rias, v\u00edrus e fungos. N\u00e3o cont\u00e9m perfumes ou corantes,<\/p>\n","protected":false},"featured_media":5625,"template":"","meta":{"spay_email":""},"product_cat":[15],"product_tag":[],"class_list":{"0":"post-5624","1":"product","2":"type-product","3":"status-publish","4":"has-post-thumbnail","6":"product_cat-sem-categoria","8":"first","9":"instock","10":"taxable","11":"shipping-taxable","12":"purchasable","13":"product-type-simple"},"acf":[],"jetpack-related-posts":[{"id":6050,"url":"https:\/\/mundo.seashell.pt\/?product=solim-bioactivo-5l","url_meta":{"origin":5624,"position":0},"title":"Solim Bioactivo 5L","date":"Fevereiro 23, 2022","format":false,"excerpt":"Higienizante l\u00edquido multi superf\u00edcies com base de \u00e1lcool, incolor, de secagem r\u00e1pida.","rel":"","context":"Similar post","img":{"alt_text":"","src":"https:\/\/i0.wp.com\/mundo.seashell.pt\/wp-content\/uploads\/2022\/02\/Solim_Bioactivo_PhotoRoom_20210402_103424.jpg?resize=350%2C200&ssl=1","width":350,"height":200},"classes":[]},{"id":5655,"url":"https:\/\/mundo.seashell.pt\/?product=solim-d-clean-5l","url_meta":{"origin":5624,"position":1},"title":"Desengordurante Higienizante &#8211; Solim D-Clean 5L","date":"Fevereiro 23, 2022","format":false,"excerpt":"Lava tudo desengordurante \/ higienizante, detergente constitu\u00eddo por uma combina\u00e7\u00e3o de agentes tensioativos, sequestrantes e emulsionantes.","rel":"","context":"Similar post","img":{"alt_text":"","src":"https:\/\/i0.wp.com\/mundo.seashell.pt\/wp-content\/uploads\/2022\/02\/Solim_D_CLEAN_PhotoRoom_20210402_102955.jpg?resize=350%2C200&ssl=1","width":350,"height":200},"classes":[]},{"id":5714,"url":"https:\/\/mundo.seashell.pt\/?product=fun-higienizante-multiusos-750-ml","url_meta":{"origin":5624,"position":2},"title":"Fun Higienizante Multiusos 750 ML","date":"Fevereiro 23, 2022","format":false,"excerpt":"Detergente l\u00edquido adequado para a limpeza e higieniza\u00e7\u00e3o de todo o tipo de superf\u00edcies e equipamentos.","rel":"","context":"Similar post","img":{"alt_text":"","src":"https:\/\/i0.wp.com\/mundo.seashell.pt\/wp-content\/uploads\/2022\/02\/Fun_Higienizante_Multiusos_PhotoRoom_20210402_103034.jpg?resize=350%2C200&ssl=1","width":350,"height":200},"classes":[]},{"id":6052,"url":"https:\/\/mundo.seashell.pt\/?product=solim-lg-higienizante-5l","url_meta":{"origin":5624,"position":3},"title":"Solim LG Higienizante 5L","date":"Fevereiro 23, 2022","format":false,"excerpt":"Higienizante. Limpezas gerais de aplica\u00e7\u00e3o universal.","rel":"","context":"Similar post","img":{"alt_text":"","src":"https:\/\/i0.wp.com\/mundo.seashell.pt\/wp-content\/uploads\/2022\/02\/Solim_LG_Higienizante.jpg?resize=350%2C200&ssl=1","width":350,"height":200},"classes":[]},{"id":5746,"url":"https:\/\/mundo.seashell.pt\/?product=solim-clorosan-10kg-lavandaria-manual","url_meta":{"origin":5624,"position":4},"title":"Branqueador Solim Clorosan 10Kg &#8211; Lavandaria Manual","date":"Fevereiro 23, 2022","format":false,"excerpt":"Branqueador e higienizante para a roupa \u2013 base cloro","rel":"","context":"Similar post","img":{"alt_text":"","src":"https:\/\/i0.wp.com\/mundo.seashell.pt\/wp-content\/uploads\/2022\/02\/SOLIM_CLOROSAN_PhotoRoom_20210402_103014.jpg?resize=350%2C200&ssl=1","width":350,"height":200},"classes":[]},{"id":6060,"url":"https:\/\/mundo.seashell.pt\/?product=solim-clorogel-5kg","url_meta":{"origin":5624,"position":5},"title":"Solim Clorogel 5Kg","date":"Fevereiro 23, 2022","format":false,"excerpt":"Detergente higienizante com cloro para uma eficaz limpeza de balne\u00e1rios, bancadas de trabalho, sanit\u00e1rios, WC e revestimentos cer\u00e2micos e pavimentos n\u00e3o encerados.","rel":"","context":"Similar post","img":{"alt_text":"","src":"https:\/\/i0.wp.com\/mundo.seashell.pt\/wp-content\/uploads\/2022\/02\/solim_clorogel_1.jpg?resize=350%2C200&ssl=1","width":350,"height":200},"classes":[]}],"_links":{"self":[{"href":"https:\/\/mundo.seashell.pt\/index.php?rest_route=\/wp\/v2\/product\/5624","targetHints":{"allow":["GET"]}}],"collection":[{"href":"https:\/\/mundo.seashell.pt\/index.php?rest_route=\/wp\/v2\/product"}],"about":[{"href":"https:\/\/mundo.seashell.pt\/index.php?rest_route=\/wp\/v2\/types\/product"}],"wp:featuredmedia":[{"embeddable":true,"href":"https:\/\/mundo.seashell.pt\/index.php?rest_route=\/wp\/v2\/media\/5625"}],"wp:attachment":[{"href":"https:\/\/mundo.seashell.pt\/index.php?rest_route=%2Fwp%2Fv2%2Fmedia&parent=5624"}],"wp:term":[{"taxonomy":"product_cat","embeddable":true,"href":"https:\/\/mundo.seashell.pt\/index.php?rest_route=%2Fwp%2Fv2%2Fproduct_cat&post=5624"},{"taxonomy":"product_tag","embeddable":true,"href":"https:\/\/mundo.seashell.pt\/index.php?rest_route=%2Fwp%2Fv2%2Fproduct_tag&post=5624"}],"curies":[{"name":"wp","href":"https:\/\/api.w.org\/{rel}","templated":true}]}}