{"id":5622,"date":"2022-02-23T11:33:42","date_gmt":"2022-02-23T11:33:42","guid":{"rendered":"https:\/\/mundo.seashell.pt\/?post_type=product&#038;p=5622"},"modified":"2022-02-23T11:33:44","modified_gmt":"2022-02-23T11:33:44","slug":"solux-ws-limao-10l","status":"publish","type":"product","link":"https:\/\/mundo.seashell.pt\/?product=solux-ws-limao-10l","title":{"rendered":"Solvente &#8211; Solux WS Lim\u00e3o 10L"},"content":{"rendered":"<p><strong><span style=\"font-size: 20px;\">Solux WS &#8211;&nbsp;Solvente para Limpeza de Pe\u00e7as<\/span><\/strong><\/p>\n<p><strong><br \/><\/strong><\/p>\n<p><strong>PROPRIEDADES<\/strong><\/p>\n<p>L\u00edquido incolor de grande mobilidade com cheiro moderado e caracter\u00edstico.<br \/>Sol\u00favel na maior parte dos solventes org\u00e2nicos e inorg\u00e2nicos.<br \/>Baixo \u00edndice de evapora\u00e7\u00e3o. Isento de acidez, pelo que n\u00e3o provoca corros\u00e3o nas pe\u00e7as ap\u00f3s a limpeza.<\/p>\n<p><strong><br \/><\/strong><\/p>\n<p><strong>CONDI\u00c7\u00d5ES DE UTILIZA\u00c7\u00c3O<\/strong><\/p>\n<p>O SOLUX\u00ae WS LIM\u00c3O pode ser utilizado de duas formas distintas:<br \/>&#8211; Na limpeza manual com trincha usar o produto em puro diretamente sobre as pe\u00e7as a limpar e deixar secar. Em alternativa poder\u00e1 passar jacto de \u00e1gua.<br \/>&#8211; Na limpeza atrav\u00e9s de m\u00e1quina, colocar o produto na m\u00e1quina e juntar 1\/3 de \u00e1gua para que a sujidade deposite.<\/p>\n<p><strong><br \/><\/strong><\/p>\n<p><strong>CARACTERISTICAS FISICO QU\u00cdMICAS<\/strong><\/p>\n<p>Aspecto: Produto L\u00edquido<br \/>Cor: incolor<br \/>Aroma: lim\u00e3o<\/p>\n","protected":false},"excerpt":{"rendered":"<p>Solvente org\u00e2nico para limpeza de pe\u00e7as. L\u00edquido incolor de grande mobilidade com cheiro moderado e caracter\u00edstico.<\/p>\n","protected":false},"featured_media":5623,"template":"","meta":{"spay_email":""},"product_cat":[15],"product_tag":[],"class_list":{"0":"post-5622","1":"product","2":"type-product","3":"status-publish","4":"has-post-thumbnail","6":"product_cat-sem-categoria","8":"first","9":"instock","10":"taxable","11":"shipping-taxable","12":"purchasable","13":"product-type-simple"},"acf":[],"jetpack-related-posts":[{"id":5620,"url":"https:\/\/mundo.seashell.pt\/?product=solux-ws-10l","url_meta":{"origin":5622,"position":0},"title":"Solvente &#8211; Solux WS 10L","date":"Fevereiro 23, 2022","format":false,"excerpt":"Solvente org\u00e2nico para limpeza de pe\u00e7as","rel":"","context":"Similar post","img":{"alt_text":"","src":"https:\/\/i0.wp.com\/mundo.seashell.pt\/wp-content\/uploads\/2022\/02\/SOLUX_WS_PhotoRoom_20210402_103457.jpg?resize=350%2C200&ssl=1","width":350,"height":200},"classes":[]},{"id":5390,"url":"https:\/\/mundo.seashell.pt\/?product=solux-super-auto-20kg","url_meta":{"origin":5622,"position":1},"title":"Desengordurante Solux Super Auto 20kg","date":"Fevereiro 23, 2022","format":false,"excerpt":"APLICAC\u0327A\u0303O Desengordurante alcalino PROPRIEDADES E\u0301 um produto li\u0301quido incolor, medianamente alcalino. Tem um forte poder detergente, que lhe confere propriedades desengordurantes difi\u0301ceis de conseguir com outros compostos. Devido a\u0300s suas caracteri\u0301sticas e\u0301 um produto d...","rel":"","context":"Similar post","img":{"alt_text":"","src":"https:\/\/i0.wp.com\/mundo.seashell.pt\/wp-content\/uploads\/2022\/02\/Solux_Super_Auto_PhotoRoom_20210402_103216.jpg?resize=350%2C200&ssl=1","width":350,"height":200},"classes":[]},{"id":5610,"url":"https:\/\/mundo.seashell.pt\/?product=solux-pns-5l","url_meta":{"origin":5622,"position":2},"title":"Abrilhantador de Pneus &#8211; Solux PNS 5L","date":"Fevereiro 23, 2022","format":false,"excerpt":"O Solux PNS \u00e9 um produto l\u00edquido de cor branca com \u00f3ptimas propriedades de limpeza e abrilhantamento de pl\u00e1sticos e madeira.","rel":"","context":"Similar post","img":{"alt_text":"","src":"https:\/\/i0.wp.com\/mundo.seashell.pt\/wp-content\/uploads\/2022\/02\/Solux_PNS_PhotoRoom_20210402_103244.jpg?resize=350%2C200&ssl=1","width":350,"height":200},"classes":[]},{"id":5388,"url":"https:\/\/mundo.seashell.pt\/?product=solux-ds","url_meta":{"origin":5622,"position":3},"title":"Desengordurante Solux DS","date":"Fevereiro 23, 2022","format":false,"excerpt":"E\u0301 um produto li\u0301quido de cor verde claro, levemente aromatizado, medianamente alcalino.Tem um forte poder detergente, que lhe confere propriedades desengordurantes difi\u0301ceis de conseguir com outros compostos.","rel":"","context":"Similar post","img":{"alt_text":"","src":"https:\/\/i0.wp.com\/mundo.seashell.pt\/wp-content\/uploads\/2022\/02\/Solux_DS_PhotoRoom_20210402_103558.jpg?resize=350%2C200&ssl=1","width":350,"height":200},"classes":[]},{"id":5931,"url":"https:\/\/mundo.seashell.pt\/?product=solux-d69-5kg","url_meta":{"origin":5622,"position":4},"title":"Desengordurante Solux D69","date":"Fevereiro 23, 2022","format":false,"excerpt":"Desengordurante Solux D69","rel":"","context":"Similar post","img":{"alt_text":"","src":"https:\/\/i0.wp.com\/mundo.seashell.pt\/wp-content\/uploads\/2022\/02\/SOLUX_D69_PhotoRoom_20210402_103513.jpg?resize=350%2C200&ssl=1","width":350,"height":200},"classes":[]},{"id":5614,"url":"https:\/\/mundo.seashell.pt\/?product=solux-limpa-jantes-20kg","url_meta":{"origin":5622,"position":5},"title":"Solux Limpa Jantes 20Kg","date":"Fevereiro 23, 2022","format":false,"excerpt":"O SOLUX\u00ae LIMPA JANTES \u00e9 um produto l\u00edquido, \u00e1cido e inodoro. Tem um bom poder desengordurante e, simultaneamente, permite uma desoxida\u00e7\u00e3o homog\u00e9nea de toda a superf\u00edcie a tratar.","rel":"","context":"Similar post","img":{"alt_text":"","src":"https:\/\/i0.wp.com\/mundo.seashell.pt\/wp-content\/uploads\/2022\/02\/SOLUX_LIMPA_JANTES_PhotoRoom_20210402_103056.jpg?resize=350%2C200&ssl=1","width":350,"height":200},"classes":[]}],"_links":{"self":[{"href":"https:\/\/mundo.seashell.pt\/index.php?rest_route=\/wp\/v2\/product\/5622","targetHints":{"allow":["GET"]}}],"collection":[{"href":"https:\/\/mundo.seashell.pt\/index.php?rest_route=\/wp\/v2\/product"}],"about":[{"href":"https:\/\/mundo.seashell.pt\/index.php?rest_route=\/wp\/v2\/types\/product"}],"wp:featuredmedia":[{"embeddable":true,"href":"https:\/\/mundo.seashell.pt\/index.php?rest_route=\/wp\/v2\/media\/5623"}],"wp:attachment":[{"href":"https:\/\/mundo.seashell.pt\/index.php?rest_route=%2Fwp%2Fv2%2Fmedia&parent=5622"}],"wp:term":[{"taxonomy":"product_cat","embeddable":true,"href":"https:\/\/mundo.seashell.pt\/index.php?rest_route=%2Fwp%2Fv2%2Fproduct_cat&post=5622"},{"taxonomy":"product_tag","embeddable":true,"href":"https:\/\/mundo.seashell.pt\/index.php?rest_route=%2Fwp%2Fv2%2Fproduct_tag&post=5622"}],"curies":[{"name":"wp","href":"https:\/\/api.w.org\/{rel}","templated":true}]}}