{"id":5616,"date":"2022-02-23T11:33:36","date_gmt":"2022-02-23T11:33:36","guid":{"rendered":"https:\/\/mundo.seashell.pt\/?post_type=product&#038;p=5616"},"modified":"2022-02-23T11:33:38","modified_gmt":"2022-02-23T11:33:38","slug":"solux-desi-5l","status":"publish","type":"product","link":"https:\/\/mundo.seashell.pt\/?product=solux-desi-5l","title":{"rendered":"Abrilhantador de Tablier &#8211; Solux Desi 5L"},"content":{"rendered":"<p><strong><span style=\"font-size: 20px;\">Abrilhantador de Tablier Solux Desi<\/span><\/strong><\/p>\n<p><strong><span style=\"font-size: 20px;\"><\/span><\/strong><br \/>Abrilhantador para tabliers e p\u00e1ra-choques<\/p>\n<p><strong><br \/><\/strong><\/p>\n<p><strong>PROPRIEDADES<\/strong><br \/>\u00c9 um produto l\u00edquido com um leve aroma a lim\u00e3o.<br \/>D\u00e1 um \u00f3ptimo brilho no tratamento de tabliers e p\u00e1ra-choques.<br \/>Tem um reduzido tempo de secagem, pelo que n\u00e3o deixa a superf\u00edcie gordurosa.<\/p>\n<p><strong><br \/><\/strong><\/p>\n<p><strong>CONDI\u00c7\u00d5ES DE UTILIZA\u00c7\u00c3O<\/strong><\/p>\n<ul>\n<li>Aplicar com um pano seco na superf\u00edcie a tratar.<\/li>\n<li>De seguida deixar secar.<\/li>\n<\/ul>\n<p><strong><\/strong><\/p>\n<p><strong>CARACTERISTICAS FISICO QU\u00cdMICAS<\/strong><\/p>\n<p>Aspecto: Produto L\u00edquido<br \/>Cor: incolor<br \/>Biodegrad\u00e1vel, conforme regulamento (CE) N\u00ba 648\/2004 Anexo II e III<\/p>\n","protected":false},"excerpt":{"rendered":"<p>\u00c9 um produto l\u00edquido com um leve aroma a lim\u00e3o. D\u00e1 um \u00f3ptimo brilho no tratamento de tabliers e p\u00e1ra-choques.<\/p>\n","protected":false},"featured_media":5617,"template":"","meta":{"spay_email":""},"product_cat":[15],"product_tag":[],"class_list":{"0":"post-5616","1":"product","2":"type-product","3":"status-publish","4":"has-post-thumbnail","6":"product_cat-sem-categoria","8":"first","9":"instock","10":"taxable","11":"shipping-taxable","12":"purchasable","13":"product-type-simple"},"acf":[],"jetpack-related-posts":[{"id":5610,"url":"https:\/\/mundo.seashell.pt\/?product=solux-pns-5l","url_meta":{"origin":5616,"position":0},"title":"Abrilhantador de Pneus &#8211; Solux PNS 5L","date":"Fevereiro 23, 2022","format":false,"excerpt":"O Solux PNS \u00e9 um produto l\u00edquido de cor branca com \u00f3ptimas propriedades de limpeza e abrilhantamento de pl\u00e1sticos e madeira.","rel":"","context":"Similar post","img":{"alt_text":"","src":"https:\/\/i0.wp.com\/mundo.seashell.pt\/wp-content\/uploads\/2022\/02\/Solux_PNS_PhotoRoom_20210402_103244.jpg?resize=350%2C200&ssl=1","width":350,"height":200},"classes":[]},{"id":5612,"url":"https:\/\/mundo.seashell.pt\/?product=solux-pn-5l","url_meta":{"origin":5616,"position":1},"title":"Abrilhantador de Pneus &#8211; Solux PN &#8211; 5L","date":"Fevereiro 23, 2022","format":false,"excerpt":"L\u00edquido formulado para conferir elevado brilho e protec\u00e7\u00e3o de todas as superf\u00edcies de borracha, especialmente pneus.","rel":"","context":"Similar post","img":{"alt_text":"","src":"https:\/\/i0.wp.com\/mundo.seashell.pt\/wp-content\/uploads\/2022\/02\/SOLUX_PN_PhotoRoom_20210402_103142.jpg?resize=350%2C200&ssl=1","width":350,"height":200},"classes":[]},{"id":5726,"url":"https:\/\/mundo.seashell.pt\/?product=stark-inox-500ml","url_meta":{"origin":5616,"position":2},"title":"Abrilhantador Stark Inox 500Ml","date":"Fevereiro 23, 2022","format":false,"excerpt":"O STARK\u00ae INOX \u00e9 um produto especialmente formulado para polir superf\u00edcies em a\u00e7o inoxid\u00e1vel. A sua f\u00f3rmula permite uma limpeza profunda, protegendo e abrilhantando as superf\u00edcies.","rel":"","context":"Similar post","img":{"alt_text":"","src":"https:\/\/i0.wp.com\/mundo.seashell.pt\/wp-content\/uploads\/2022\/02\/STARK_INOX_2_PhotoRoom_20210402_103625.jpg?resize=350%2C200&ssl=1","width":350,"height":200},"classes":[]},{"id":5608,"url":"https:\/\/mundo.seashell.pt\/?product=mr-fun-brill-pn-500ml","url_meta":{"origin":5616,"position":3},"title":"Abrilhantador de Pneus Mr. Fun Brill PN 500ML","date":"Fevereiro 23, 2022","format":false,"excerpt":"O MR FUN BRILL PN \u00e9 indicado para a limpeza e renova\u00e7\u00e3o de pneus e borrachas","rel":"","context":"Similar post","img":{"alt_text":"","src":"https:\/\/i0.wp.com\/mundo.seashell.pt\/wp-content\/uploads\/2022\/02\/MR_FUN_BRILL_PN_500ML_PhotoRoom_20210402_103410.jpg?resize=350%2C200&ssl=1","width":350,"height":200},"classes":[]},{"id":5614,"url":"https:\/\/mundo.seashell.pt\/?product=solux-limpa-jantes-20kg","url_meta":{"origin":5616,"position":4},"title":"Solux Limpa Jantes 20Kg","date":"Fevereiro 23, 2022","format":false,"excerpt":"O SOLUX\u00ae LIMPA JANTES \u00e9 um produto l\u00edquido, \u00e1cido e inodoro. Tem um bom poder desengordurante e, simultaneamente, permite uma desoxida\u00e7\u00e3o homog\u00e9nea de toda a superf\u00edcie a tratar.","rel":"","context":"Similar post","img":{"alt_text":"","src":"https:\/\/i0.wp.com\/mundo.seashell.pt\/wp-content\/uploads\/2022\/02\/SOLUX_LIMPA_JANTES_PhotoRoom_20210402_103056.jpg?resize=350%2C200&ssl=1","width":350,"height":200},"classes":[]},{"id":6529,"url":"https:\/\/mundo.seashell.pt\/?product=substral-abrilhantador-de-folhas-250ml","url_meta":{"origin":5616,"position":5},"title":"Substral Abrilhantador de Folhas 250ml","date":"Fevereiro 23, 2022","format":false,"excerpt":"O brilho das folhas impede que a poeira assente, Substral Abrilhantador de Folhas\u00a0\u00e9 uma subst\u00e2ncia que melhorar\u00e1 imediatamente a apar\u00eancia de suas plantas em vasos verdes. Cria instantaneamente um brilho bonito, natural e duradouro nas folhas das plantas de interior. Melhora a condi\u00e7\u00e3o geral da folhagem e remove as manchas\u2026","rel":"","context":"Similar post","img":{"alt_text":"","src":"https:\/\/i0.wp.com\/mundo.seashell.pt\/wp-content\/uploads\/2022\/02\/SUBSTRAL_ABRILHANTADOR_250_ml.png?resize=350%2C200&ssl=1","width":350,"height":200},"classes":[]}],"_links":{"self":[{"href":"https:\/\/mundo.seashell.pt\/index.php?rest_route=\/wp\/v2\/product\/5616","targetHints":{"allow":["GET"]}}],"collection":[{"href":"https:\/\/mundo.seashell.pt\/index.php?rest_route=\/wp\/v2\/product"}],"about":[{"href":"https:\/\/mundo.seashell.pt\/index.php?rest_route=\/wp\/v2\/types\/product"}],"wp:featuredmedia":[{"embeddable":true,"href":"https:\/\/mundo.seashell.pt\/index.php?rest_route=\/wp\/v2\/media\/5617"}],"wp:attachment":[{"href":"https:\/\/mundo.seashell.pt\/index.php?rest_route=%2Fwp%2Fv2%2Fmedia&parent=5616"}],"wp:term":[{"taxonomy":"product_cat","embeddable":true,"href":"https:\/\/mundo.seashell.pt\/index.php?rest_route=%2Fwp%2Fv2%2Fproduct_cat&post=5616"},{"taxonomy":"product_tag","embeddable":true,"href":"https:\/\/mundo.seashell.pt\/index.php?rest_route=%2Fwp%2Fv2%2Fproduct_tag&post=5616"}],"curies":[{"name":"wp","href":"https:\/\/api.w.org\/{rel}","templated":true}]}}