{"id":5608,"date":"2022-02-23T11:33:14","date_gmt":"2022-02-23T11:33:14","guid":{"rendered":"https:\/\/mundo.seashell.pt\/?post_type=product&#038;p=5608"},"modified":"2022-02-23T11:33:16","modified_gmt":"2022-02-23T11:33:16","slug":"mr-fun-brill-pn-500ml","status":"publish","type":"product","link":"https:\/\/mundo.seashell.pt\/?product=mr-fun-brill-pn-500ml","title":{"rendered":"Abrilhantador de Pneus Mr. Fun Brill PN 500ML"},"content":{"rendered":"<p>Abrilhantador de pneus<\/p>\n<p><strong>PROPRIEDADES<\/strong><\/p>\n<p>O <strong>M<\/strong><strong>R <\/strong><strong>F<\/strong><strong>UN <\/strong><strong>B<\/strong><strong>RILL <\/strong><strong>PN <\/strong>\u00e9 indicado para a limpeza e renova\u00e7\u00e3o de pneus e borrachas. Confere aos materiais um brilho excecional e um acabamento de qualidade.<\/p>\n<p><strong>CONDI\u00c7\u00d5ES DE UTILIZA\u00c7\u00c3O<\/strong><\/p>\n<p>Aplicar <strong>M<\/strong><strong>R <\/strong><strong>F<\/strong><strong>UN <\/strong><strong>B<\/strong><strong>RILL <\/strong><strong>PN <\/strong>pulverizando abundantemente sobre o pneu. Par obten\u00e7\u00e3o de m\u00e1ximo brilho, aplicar segunda camada e deixar secar.<\/p>\n<p><strong>CARACTERISTICAS FISICO QU\u00cdMICAS<\/strong><\/p>\n<p>Aspecto: L\u00edquido Cor: branco<br \/>Odor caracter\u00edstico<\/p>\n","protected":false},"excerpt":{"rendered":"<p>O MR FUN BRILL PN \u00e9 indicado para a limpeza e renova\u00e7\u00e3o de pneus e borrachas<\/p>\n","protected":false},"featured_media":5609,"template":"","meta":{"spay_email":""},"product_cat":[15],"product_tag":[],"class_list":{"0":"post-5608","1":"product","2":"type-product","3":"status-publish","4":"has-post-thumbnail","6":"product_cat-sem-categoria","8":"first","9":"instock","10":"taxable","11":"shipping-taxable","12":"purchasable","13":"product-type-simple"},"acf":[],"jetpack-related-posts":[{"id":5612,"url":"https:\/\/mundo.seashell.pt\/?product=solux-pn-5l","url_meta":{"origin":5608,"position":0},"title":"Abrilhantador de Pneus &#8211; Solux PN &#8211; 5L","date":"Fevereiro 23, 2022","format":false,"excerpt":"L\u00edquido formulado para conferir elevado brilho e protec\u00e7\u00e3o de todas as superf\u00edcies de borracha, especialmente pneus.","rel":"","context":"Similar post","img":{"alt_text":"","src":"https:\/\/i0.wp.com\/mundo.seashell.pt\/wp-content\/uploads\/2022\/02\/SOLUX_PN_PhotoRoom_20210402_103142.jpg?resize=350%2C200&ssl=1","width":350,"height":200},"classes":[]},{"id":5610,"url":"https:\/\/mundo.seashell.pt\/?product=solux-pns-5l","url_meta":{"origin":5608,"position":1},"title":"Abrilhantador de Pneus &#8211; Solux PNS 5L","date":"Fevereiro 23, 2022","format":false,"excerpt":"O Solux PNS \u00e9 um produto l\u00edquido de cor branca com \u00f3ptimas propriedades de limpeza e abrilhantamento de pl\u00e1sticos e madeira.","rel":"","context":"Similar post","img":{"alt_text":"","src":"https:\/\/i0.wp.com\/mundo.seashell.pt\/wp-content\/uploads\/2022\/02\/Solux_PNS_PhotoRoom_20210402_103244.jpg?resize=350%2C200&ssl=1","width":350,"height":200},"classes":[]},{"id":5726,"url":"https:\/\/mundo.seashell.pt\/?product=stark-inox-500ml","url_meta":{"origin":5608,"position":2},"title":"Abrilhantador Stark Inox 500Ml","date":"Fevereiro 23, 2022","format":false,"excerpt":"O STARK\u00ae INOX \u00e9 um produto especialmente formulado para polir superf\u00edcies em a\u00e7o inoxid\u00e1vel. A sua f\u00f3rmula permite uma limpeza profunda, protegendo e abrilhantando as superf\u00edcies.","rel":"","context":"Similar post","img":{"alt_text":"","src":"https:\/\/i0.wp.com\/mundo.seashell.pt\/wp-content\/uploads\/2022\/02\/STARK_INOX_2_PhotoRoom_20210402_103625.jpg?resize=350%2C200&ssl=1","width":350,"height":200},"classes":[]},{"id":5898,"url":"https:\/\/mundo.seashell.pt\/?product=solim-secante-5l-loica-automatica","url_meta":{"origin":5608,"position":3},"title":"Solim Secante &#8211; Loi\u00e7a Autom\u00e1tica","date":"Fevereiro 23, 2022","format":false,"excerpt":"Secante com fun\u00e7\u00e3o de abrilhantador da loi\u00e7a na lavagem autom\u00e1tica e \ufeffpara a aplica\u00e7\u00e3o em fornos com programas de limpeza autom\u00e1tica","rel":"","context":"Similar post","img":{"alt_text":"","src":"https:\/\/i0.wp.com\/mundo.seashell.pt\/wp-content\/uploads\/2022\/02\/Solim_secante_5L.jpg?resize=350%2C200&ssl=1","width":350,"height":200},"classes":[]},{"id":5616,"url":"https:\/\/mundo.seashell.pt\/?product=solux-desi-5l","url_meta":{"origin":5608,"position":4},"title":"Abrilhantador de Tablier &#8211; Solux Desi 5L","date":"Fevereiro 23, 2022","format":false,"excerpt":"\u00c9 um produto l\u00edquido com um leve aroma a lim\u00e3o. D\u00e1 um \u00f3ptimo brilho no tratamento de tabliers e p\u00e1ra-choques.","rel":"","context":"Similar post","img":{"alt_text":"","src":"https:\/\/i0.wp.com\/mundo.seashell.pt\/wp-content\/uploads\/2022\/02\/SOLUX_DESI_PhotoRoom_20210402_103504.jpg?resize=350%2C200&ssl=1","width":350,"height":200},"classes":[]},{"id":5840,"url":"https:\/\/mundo.seashell.pt\/?product=eco-rinse-5kg-loica-automatica","url_meta":{"origin":5608,"position":5},"title":"Abrilhantador Eco Rinse &#8211; Loi\u00e7a Autom\u00e1tica","date":"Fevereiro 23, 2022","format":false,"excerpt":"Abrilhantador neutro para lavagem mec\u00e2nica de lou\u00e7a para todos os tipos de \u00e1gua.","rel":"","context":"Similar post","img":{"alt_text":"","src":"https:\/\/i0.wp.com\/mundo.seashell.pt\/wp-content\/uploads\/2022\/02\/eco_rinse.jpg?resize=350%2C200&ssl=1","width":350,"height":200},"classes":[]}],"_links":{"self":[{"href":"https:\/\/mundo.seashell.pt\/index.php?rest_route=\/wp\/v2\/product\/5608","targetHints":{"allow":["GET"]}}],"collection":[{"href":"https:\/\/mundo.seashell.pt\/index.php?rest_route=\/wp\/v2\/product"}],"about":[{"href":"https:\/\/mundo.seashell.pt\/index.php?rest_route=\/wp\/v2\/types\/product"}],"wp:featuredmedia":[{"embeddable":true,"href":"https:\/\/mundo.seashell.pt\/index.php?rest_route=\/wp\/v2\/media\/5609"}],"wp:attachment":[{"href":"https:\/\/mundo.seashell.pt\/index.php?rest_route=%2Fwp%2Fv2%2Fmedia&parent=5608"}],"wp:term":[{"taxonomy":"product_cat","embeddable":true,"href":"https:\/\/mundo.seashell.pt\/index.php?rest_route=%2Fwp%2Fv2%2Fproduct_cat&post=5608"},{"taxonomy":"product_tag","embeddable":true,"href":"https:\/\/mundo.seashell.pt\/index.php?rest_route=%2Fwp%2Fv2%2Fproduct_tag&post=5608"}],"curies":[{"name":"wp","href":"https:\/\/api.w.org\/{rel}","templated":true}]}}