{"id":5580,"date":"2022-02-23T11:32:33","date_gmt":"2022-02-23T11:32:33","guid":{"rendered":"https:\/\/mundo.seashell.pt\/?post_type=product&#038;p=5580"},"modified":"2022-02-23T11:32:35","modified_gmt":"2022-02-23T11:32:35","slug":"tampas-para-formas-de-aluminio-com-divisoes","status":"publish","type":"product","link":"https:\/\/mundo.seashell.pt\/?product=tampas-para-formas-de-aluminio-com-divisoes","title":{"rendered":"Tampa para Formas de Alum\u00ednio com Divis\u00f5es"},"content":{"rendered":"<h3>Tampas para&nbsp;Embalagens de Alum\u00ednio para Take Away com Divis\u00f5es Internas<\/h3>\n<figure style=\"box-sizing: inherit; display: block; margin: 0px 10px 1em; outline: 0px !important; position: relative; padding: 0px; clear: both; color: rgb(73, 80, 87); font-family: proxima-nova, sans-serif; font-size: 16px; font-style: normal; font-variant-ligatures: normal; font-variant-caps: normal; font-weight: 400; letter-spacing: normal; orphans: 2; text-align: left; text-indent: 0px; text-transform: none; white-space: normal; widows: 2; word-spacing: 0px; -webkit-text-stroke-width: 0px; text-decoration-thickness: initial; text-decoration-style: initial; text-decoration-color: initial; max-width: 169px; float: right; width: 169px;\"><img loading=\"lazy\" decoding=\"async\" src=\"https:\/\/jumpseller.s3.eu-west-1.amazonaws.com\/store\/mundo-limpo\/assets\/made_in_portugal1-300x300.png\" data-image=\"mnpbf6ekzzb4\" width=\"169\" height=\"158\" style=\"box-sizing: inherit; vertical-align: middle; border-style: none; outline: 0px !important; max-width: 169px; height: 158px; width: 169px;\"><\/figure>\n<p>As caracter\u00edsticas do Alum\u00ednio fazem deste material uma excelente mat\u00e9ria-prima para a produ\u00e7\u00e3o de embalagens alimentares por ser um material totalmente inerte, que n\u00e3o permite qualquer migra\u00e7\u00e3o para o produto protegido; \u00e9 inodoro e n\u00e3o altera o sabor dos alimentos. Desta forma, as embalagens de alum\u00ednio mant\u00eam os produtos frescos por um longo per\u00edodo de tempo sem deteriora\u00e7\u00e3o da sua qualidade. Para al\u00e9m das caracter\u00edsticas inerentes \u00e0 sua utiliza\u00e7\u00e3o alimentar, \u00e9 um produto 100% recicl\u00e1vel.<\/p>\n<p><\/p>\n<p>Estas embalagens s\u00e3o ideais para poder separar grupos de comidas como arroz, feij\u00e3o, saladas, etc&#8230; sem se misturarem e com a conveni\u00eancia de ir tudo numa s\u00f3 embalagem. <\/p>\n<ul>\n<li><strong>Tampa para Forma de Alum\u00ednio Retangular 3Div. P681(T3D) 100Un<\/strong><\/li>\n<li><strong>Tampa para Forma de Alum\u00ednio Retangular 2Div. P680(T2D) 100Un<\/strong><\/li>\n<\/ul>\n<p><strong>Estas tampas s\u00e3o compat\u00edveis com as <a href=\"\/forma-de-aluminio-com-divisoes\" target=\"_blank\" rel=\"noopener\">formas rectangulares com divis\u00f3rias<\/a>&nbsp;P680 e P681<\/strong><\/p>\n<p><strong>Vendido em conjuntos de&nbsp;100 unidades<\/strong><\/p>\n","protected":false},"excerpt":{"rendered":"<p>Estas embalagens s\u00e3o ideais para poder separar grupos de comidas como arroz, feij\u00e3o, saladas, etc&#8230; sem se misturarem e com a conveni\u00eancia de ir tudo numa s\u00f3 embalagem. <\/p>\n","protected":false},"featured_media":5581,"template":"","meta":{"spay_email":""},"product_cat":[15],"product_tag":[],"class_list":{"0":"post-5580","1":"product","2":"type-product","3":"status-publish","4":"has-post-thumbnail","6":"product_cat-sem-categoria","8":"first","9":"instock","10":"taxable","11":"shipping-taxable","12":"purchasable","13":"product-type-simple"},"acf":[],"jetpack-related-posts":[{"id":5582,"url":"https:\/\/mundo.seashell.pt\/?product=forma-de-aluminio-com-divisoes","url_meta":{"origin":5580,"position":0},"title":"Formas de Alum\u00ednio com Divis\u00f5es (sem tampa)","date":"Fevereiro 23, 2022","format":false,"excerpt":"Estas embalagens s\u00e3o ideais para poder separar grupos de comidas como arroz, feij\u00e3o, saladas, etc... sem se misturarem e com a conveni\u00eancia de ir tudo numa s\u00f3 embalagem.","rel":"","context":"Similar post","img":{"alt_text":"","src":"https:\/\/i0.wp.com\/mundo.seashell.pt\/wp-content\/uploads\/2022\/02\/EMB.-RET.-3-DIVISO_ES-Ref.-P681_PhotoRoom_20210509_175238.jpg?resize=350%2C200&ssl=1","width":350,"height":200},"classes":[]},{"id":6109,"url":"https:\/\/mundo.seashell.pt\/?product=tampas-para-formas-de-aluminio-ovais","url_meta":{"origin":5580,"position":1},"title":"Tampas para Formas de Alum\u00ednio Ovais","date":"Fevereiro 23, 2022","format":false,"excerpt":"As caracter\u00edsticas do Alum\u00ednio fazem deste material uma excelente mat\u00e9ria-prima para a produ\u00e7\u00e3o de embalagens alimentares por ser um material totalmente inerte","rel":"","context":"Similar post","img":{"alt_text":"","src":"https:\/\/i0.wp.com\/mundo.seashell.pt\/wp-content\/uploads\/2022\/02\/tampa_oval.jpg?resize=350%2C200&ssl=1","width":350,"height":200},"classes":[]},{"id":6111,"url":"https:\/\/mundo.seashell.pt\/?product=formas-de-aluminio-ovais","url_meta":{"origin":5580,"position":2},"title":"Formas de Alum\u00ednio Ovais (sem tampa)","date":"Fevereiro 23, 2022","format":false,"excerpt":"As caracter\u00edsticas do Alum\u00ednio fazem deste material uma excelente mat\u00e9ria-prima para a produ\u00e7\u00e3o de embalagens alimentares por ser um material totalmente inerte, que n\u00e3o permite qualquer migra\u00e7\u00e3o para o produto protegido","rel":"","context":"Similar post","img":{"alt_text":"","src":"https:\/\/i0.wp.com\/mundo.seashell.pt\/wp-content\/uploads\/2022\/02\/forma_oval_2.jpg?resize=350%2C200&ssl=1","width":350,"height":200},"classes":[]},{"id":5578,"url":"https:\/\/mundo.seashell.pt\/?product=tampas-para-formas-de-aluminio-retangulares","url_meta":{"origin":5580,"position":3},"title":"Tampas para Formas de Alum\u00ednio Retangulares","date":"Fevereiro 23, 2022","format":false,"excerpt":"Conjuntos de 100 tampas para as embalagens de alum\u00ednio take away rectangulares.","rel":"","context":"Similar post","img":{"alt_text":"","src":"https:\/\/i0.wp.com\/mundo.seashell.pt\/wp-content\/uploads\/2022\/02\/tampa_take_away.jpg?resize=350%2C200&ssl=1","width":350,"height":200},"classes":[]},{"id":6113,"url":"https:\/\/mundo.seashell.pt\/?product=tampas-para-formas-de-aluminio-redondas","url_meta":{"origin":5580,"position":4},"title":"Tampas para Formas de Alum\u00ednio Redondas","date":"Fevereiro 23, 2022","format":false,"excerpt":"As caracter\u00edsticas do Alum\u00ednio fazem deste material uma excelente mat\u00e9ria-prima para a produ\u00e7\u00e3o de embalagens alimentares por ser um material totalmente inerte","rel":"","context":"Similar post","img":{"alt_text":"","src":"https:\/\/i0.wp.com\/mundo.seashell.pt\/wp-content\/uploads\/2022\/02\/tampa_take_away_redonda.jpg?resize=350%2C200&ssl=1","width":350,"height":200},"classes":[]},{"id":6107,"url":"https:\/\/mundo.seashell.pt\/?product=formas-de-aluminio-redondas-take-away","url_meta":{"origin":5580,"position":5},"title":"Formas de Alum\u00ednio Redondas (sem tampa)","date":"Fevereiro 23, 2022","format":false,"excerpt":"As caracter\u00edsticas do Alum\u00ednio fazem deste material uma excelente mat\u00e9ria-prima para a produ\u00e7\u00e3o de embalagens alimentares por ser um material totalmente inerte","rel":"","context":"Similar post","img":{"alt_text":"","src":"https:\/\/i0.wp.com\/mundo.seashell.pt\/wp-content\/uploads\/2022\/02\/Embalagem-Redonda-Ref.-P1025_PhotoRoom_20210509_175223.jpg?resize=350%2C200&ssl=1","width":350,"height":200},"classes":[]}],"_links":{"self":[{"href":"https:\/\/mundo.seashell.pt\/index.php?rest_route=\/wp\/v2\/product\/5580","targetHints":{"allow":["GET"]}}],"collection":[{"href":"https:\/\/mundo.seashell.pt\/index.php?rest_route=\/wp\/v2\/product"}],"about":[{"href":"https:\/\/mundo.seashell.pt\/index.php?rest_route=\/wp\/v2\/types\/product"}],"wp:featuredmedia":[{"embeddable":true,"href":"https:\/\/mundo.seashell.pt\/index.php?rest_route=\/wp\/v2\/media\/5581"}],"wp:attachment":[{"href":"https:\/\/mundo.seashell.pt\/index.php?rest_route=%2Fwp%2Fv2%2Fmedia&parent=5580"}],"wp:term":[{"taxonomy":"product_cat","embeddable":true,"href":"https:\/\/mundo.seashell.pt\/index.php?rest_route=%2Fwp%2Fv2%2Fproduct_cat&post=5580"},{"taxonomy":"product_tag","embeddable":true,"href":"https:\/\/mundo.seashell.pt\/index.php?rest_route=%2Fwp%2Fv2%2Fproduct_tag&post=5580"}],"curies":[{"name":"wp","href":"https:\/\/api.w.org\/{rel}","templated":true}]}}