{"id":5560,"date":"2022-02-23T11:31:34","date_gmt":"2022-02-23T11:31:34","guid":{"rendered":"https:\/\/mundo.seashell.pt\/?post_type=product&#038;p=5560"},"modified":"2022-02-23T11:31:36","modified_gmt":"2022-02-23T11:31:36","slug":"saco-lixo-fecho-facil-preto","status":"publish","type":"product","link":"https:\/\/mundo.seashell.pt\/?product=saco-lixo-fecho-facil-preto","title":{"rendered":"Sacos de Lixo com Fecho F\u00e1cil &#8211; Pretos"},"content":{"rendered":"<p>Rolos de sacos de lixo dom\u00e9stico com fecho f\u00e1cil para uma maior comodidade.&nbsp;<\/p>\n<p>Dispon\u00edveis nas seguintes medidas:<\/p>\n<p>Fecho F\u00e1cil Preto 45 x 47 cm (20 litros) 20 sacos\/rolo &#8211; 50 rolos\/caixa<\/p>\n<p>Fecho F\u00e1cil Preto 55 x 60 cm (30 litros) 15 sacos\/rolo &#8211; 50 rolos\/caixa<\/p>\n<p>Fecho F\u00e1cil Preto 60 x 80 cm (50 litros) 10 sacos\/rolo &#8211; 50 rolos\/caixa<\/p>\n","protected":false},"excerpt":{"rendered":"<p>Rolos de sacos de lixo dom\u00e9stico com fecho f\u00e1cil para uma maior comodidade. <\/p>\n","protected":false},"featured_media":5561,"template":"","meta":{"spay_email":""},"product_cat":[15],"product_tag":[],"class_list":{"0":"post-5560","1":"product","2":"type-product","3":"status-publish","4":"has-post-thumbnail","6":"product_cat-sem-categoria","8":"first","9":"instock","10":"taxable","11":"shipping-taxable","12":"purchasable","13":"product-type-simple"},"acf":[],"jetpack-related-posts":[{"id":6235,"url":"https:\/\/mundo.seashell.pt\/?product=sacos-de-lixo-com-fecho-facil-brancos","url_meta":{"origin":5560,"position":0},"title":"Sacos de Lixo com Fecho F\u00e1cil &#8211; Brancos","date":"Fevereiro 23, 2022","format":false,"excerpt":"Rolos de sacos de lixo dom\u00e9stico com fecho f\u00e1cil para uma maior comodidade.","rel":"","context":"Similar post","img":{"alt_text":"","src":"https:\/\/i0.wp.com\/mundo.seashell.pt\/wp-content\/uploads\/2022\/02\/goods_02_436158-1.jpg?resize=350%2C200&ssl=1","width":350,"height":200},"classes":[]},{"id":6233,"url":"https:\/\/mundo.seashell.pt\/?product=saco-lixo-85x110-preto-100-litros","url_meta":{"origin":5560,"position":1},"title":"Saco Lixo 85&#215;110 Preto (100 Litros)","date":"Fevereiro 23, 2022","format":false,"excerpt":"Sacos de Lixo Dom\u00e9stico com 28 micras de espessura. Caixa completa com 50 rolos de 6 sacos.","rel":"","context":"Similar post","img":{"alt_text":"","src":"https:\/\/i0.wp.com\/mundo.seashell.pt\/wp-content\/uploads\/2022\/02\/sacos-rolo-lixo-domestico_PhotoRoom_20210509_175243-3.jpg?resize=350%2C200&ssl=1","width":350,"height":200},"classes":[]},{"id":5564,"url":"https:\/\/mundo.seashell.pt\/?product=saco-lixo-80x90-preto-40rolosx10sacos","url_meta":{"origin":5560,"position":2},"title":"Saco Lixo 80&#215;90 Preto (60 Litros)","date":"Fevereiro 23, 2022","format":false,"excerpt":"Saco de Lixo Dom\u00e9stico de 60 Litros.","rel":"","context":"Similar post","img":{"alt_text":"","src":"https:\/\/i0.wp.com\/mundo.seashell.pt\/wp-content\/uploads\/2022\/02\/sacos-rolo-lixo-domestico_PhotoRoom_20210509_175243-1.jpg?resize=350%2C200&ssl=1","width":350,"height":200},"classes":[]},{"id":5562,"url":"https:\/\/mundo.seashell.pt\/?product=saco-lixo-60x80-preto-50rolosx10sacos","url_meta":{"origin":5560,"position":3},"title":"Saco Lixo 60&#215;80 Preto (50 Litros)","date":"Fevereiro 23, 2022","format":false,"excerpt":"Sacos de lixo dom\u00e9stico em rolo de 10 unidades. \ufeff\ufeff\ufeff\ufeff","rel":"","context":"Similar post","img":{"alt_text":"","src":"https:\/\/i0.wp.com\/mundo.seashell.pt\/wp-content\/uploads\/2022\/02\/sacos-rolo-lixo-domestico_PhotoRoom_20210509_175243.jpg?resize=350%2C200&ssl=1","width":350,"height":200},"classes":[]},{"id":5566,"url":"https:\/\/mundo.seashell.pt\/?product=saco-lixo-85x110-preto-18rolosx10sacos","url_meta":{"origin":5560,"position":4},"title":"Saco Lixo Forte 85&#215;110 Preto (100 Litros)","date":"Fevereiro 23, 2022","format":false,"excerpt":"Sacos de Lixo Dom\u00e9stico com 50 micras de espessura. Caixa completa com 18rolos de 10 sacos.","rel":"","context":"Similar post","img":{"alt_text":"","src":"https:\/\/i0.wp.com\/mundo.seashell.pt\/wp-content\/uploads\/2022\/02\/sacos-rolo-lixo-domestico_PhotoRoom_20210509_175243-2.jpg?resize=350%2C200&ssl=1","width":350,"height":200},"classes":[]},{"id":7138,"url":"https:\/\/mundo.seashell.pt\/?product=sacos-de-lixo-com-atilho","url_meta":{"origin":5560,"position":5},"title":"Sacos de Lixo com Atilho","date":"Fevereiro 23, 2022","format":false,"excerpt":"Sacos de Lixo com Atilho 45x47 (20 Litros) 20 Sacos por Rolo 55x60 (30 Litros) 15 Sacos por Rolo 60x80 (50 Litros) 10 Sacos por Rolo","rel":"","context":"Similar post","img":{"alt_text":"","src":"https:\/\/i0.wp.com\/mundo.seashell.pt\/wp-content\/uploads\/2022\/02\/transferir__23_.jpeg?resize=350%2C200&ssl=1","width":350,"height":200},"classes":[]}],"_links":{"self":[{"href":"https:\/\/mundo.seashell.pt\/index.php?rest_route=\/wp\/v2\/product\/5560","targetHints":{"allow":["GET"]}}],"collection":[{"href":"https:\/\/mundo.seashell.pt\/index.php?rest_route=\/wp\/v2\/product"}],"about":[{"href":"https:\/\/mundo.seashell.pt\/index.php?rest_route=\/wp\/v2\/types\/product"}],"wp:featuredmedia":[{"embeddable":true,"href":"https:\/\/mundo.seashell.pt\/index.php?rest_route=\/wp\/v2\/media\/5561"}],"wp:attachment":[{"href":"https:\/\/mundo.seashell.pt\/index.php?rest_route=%2Fwp%2Fv2%2Fmedia&parent=5560"}],"wp:term":[{"taxonomy":"product_cat","embeddable":true,"href":"https:\/\/mundo.seashell.pt\/index.php?rest_route=%2Fwp%2Fv2%2Fproduct_cat&post=5560"},{"taxonomy":"product_tag","embeddable":true,"href":"https:\/\/mundo.seashell.pt\/index.php?rest_route=%2Fwp%2Fv2%2Fproduct_tag&post=5560"}],"curies":[{"name":"wp","href":"https:\/\/api.w.org\/{rel}","templated":true}]}}