{"id":5556,"date":"2022-02-23T11:31:16","date_gmt":"2022-02-23T11:31:16","guid":{"rendered":"https:\/\/mundo.seashell.pt\/?post_type=product&#038;p=5556"},"modified":"2022-02-23T11:31:18","modified_gmt":"2022-02-23T11:31:18","slug":"saco-ad-alca-branco-35x40x0055-5-kg","status":"publish","type":"product","link":"https:\/\/mundo.seashell.pt\/?product=saco-ad-alca-branco-35x40x0055-5-kg","title":{"rendered":"Saco AD Al\u00e7a Branco"},"content":{"rendered":"<p>Sacos com al\u00e7a feitos em polietileno de alta densidade, brancos&nbsp;para as mais diversas utiliza\u00e7\u00f5es.<\/p>\n<p>ISENTOS DE TAXA: Espessura superior a 50 microns<\/p>\n<p>Embalagem de Venda contendo&nbsp;5 Kg<\/p>\n<p><\/p>\n<p><\/p>\n<p><\/p>\n","protected":false},"excerpt":{"rendered":"<p>Saco de Al\u00e7a Branco <\/p>\n","protected":false},"featured_media":5557,"template":"","meta":{"spay_email":""},"product_cat":[15],"product_tag":[],"class_list":{"0":"post-5556","1":"product","2":"type-product","3":"status-publish","4":"has-post-thumbnail","6":"product_cat-sem-categoria","8":"first","9":"instock","10":"taxable","11":"shipping-taxable","12":"purchasable","13":"product-type-simple"},"acf":[],"jetpack-related-posts":[{"id":5558,"url":"https:\/\/mundo.seashell.pt\/?product=saco-ad-alca-cores-35x40x0055-5-kg","url_meta":{"origin":5556,"position":0},"title":"Saco AD Al\u00e7a Cores","date":"Fevereiro 23, 2022","format":false,"excerpt":"55 Micras Saco de Al\u00e7as cor 5 kg Sacos mais baratos do que os brancos por a cor ser\u00a0aleat\u00f3ria, conforme o lote de pl\u00e1stico reciclado.\u00a0","rel":"","context":"Similar post","img":{"alt_text":"","src":"https:\/\/i0.wp.com\/mundo.seashell.pt\/wp-content\/uploads\/2022\/02\/sacos-ad-alca-cor_PhotoRoom_20210509_175311.jpg?resize=350%2C200&ssl=1","width":350,"height":200},"classes":[]},{"id":7142,"url":"https:\/\/mundo.seashell.pt\/?product=sacos-de-alcas-as-cores","url_meta":{"origin":5556,"position":1},"title":"Sacos de Al\u00e7as \u00e0s Cores","date":"Fevereiro 23, 2022","format":false,"excerpt":"Sacos de Al\u00e7as \u00e0s Cores Sacos com al\u00e7a feitos em polietileno de alta densidade, cor disponivel atualmente em produ\u00e7\u00e3o. Espessura superior a 50 microns","rel":"","context":"Similar post","img":{"alt_text":"","src":"https:\/\/i0.wp.com\/mundo.seashell.pt\/wp-content\/uploads\/2022\/02\/sacos-ad-alca-cor.png?resize=350%2C200&ssl=1","width":350,"height":200},"classes":[]},{"id":6165,"url":"https:\/\/mundo.seashell.pt\/?product=sistema-de-contentores-metalicos-geo-vileda","url_meta":{"origin":5556,"position":2},"title":"Sistema de Contentores Met\u00e1licos Geo &#8211; Vileda","date":"Fevereiro 23, 2022","format":false,"excerpt":"GEOSistema de reciclagem de apar\u00eancia met\u00e1lica. A gama inovadora e duradoura de contentores met\u00e1licos Geo \u00e9 o centro do seu sistema de recolha e reciclagem de res\u00edduos. A tecnologia de \" materiais combinados \" proporciona a durabilidade e o desempenho do pl\u00e1stico (f\u00e1cil de limpar, \u00e0 prova de ferrugem e\u2026","rel":"","context":"Similar post","img":{"alt_text":"","src":"https:\/\/i0.wp.com\/mundo.seashell.pt\/wp-content\/uploads\/2022\/02\/10-waste-management-03-recycling-bins-01-geo-portrait_PhotoRoom_20210418_123406.jpg?resize=350%2C200&ssl=1","width":350,"height":200},"classes":[]},{"id":6215,"url":"https:\/\/mundo.seashell.pt\/?product=salva-unhas-verde-vileda-caixa-de-10","url_meta":{"origin":5556,"position":3},"title":"Salva Unhas Verde &#8211; Vileda (caixa de 10)","date":"Fevereiro 23, 2022","format":false,"excerpt":"Sua al\u00e7a de espuma \u00e9 macia para as m\u00e3os, proporciona uma boa ader\u00eancia e melhora a ergonomia. \u00c9 o aliado perfeito para o seu esfreg\u00e3o verde para uma limpeza moderada.","rel":"","context":"Similar post","img":{"alt_text":"","src":"https:\/\/i0.wp.com\/mundo.seashell.pt\/wp-content\/uploads\/2022\/02\/02-scouring-03-high-foam-backed-scourers-04-high-foam-backed-scourer-strong-strong-detail-02-580x550_PhotoRoom_20210418_123013.jpg?resize=350%2C200&ssl=1","width":350,"height":200},"classes":[]},{"id":6217,"url":"https:\/\/mundo.seashell.pt\/?product=salva-unhas-azul-vileda-caixa-de-10","url_meta":{"origin":5556,"position":4},"title":"Salva Unhas Azul &#8211; Vileda (caixa de 10)","date":"Fevereiro 23, 2022","format":false,"excerpt":"Estrutura macia e azul, mais eficaz na remo\u00e7\u00e3o de marcas do que esponjas brancas, mas ainda lisa para superf\u00edcies","rel":"","context":"Similar post","img":{"alt_text":"","src":"https:\/\/i0.wp.com\/mundo.seashell.pt\/wp-content\/uploads\/2022\/02\/02-scouring-03-high-foam-backed-scourers-02-high-foam-backed-scourer-soft-portrait_PhotoRoom_20210418_123400.jpg?resize=350%2C200&ssl=1","width":350,"height":200},"classes":[]},{"id":6213,"url":"https:\/\/mundo.seashell.pt\/?product=salva-unhas-preto-vileda-caixa-de-10","url_meta":{"origin":5556,"position":5},"title":"Salva Unhas Preto &#8211; Vileda (caixa de 10)","date":"Fevereiro 23, 2022","format":false,"excerpt":"Salva-unhas Preto Limpeza com alta abras\u00e3o A espuma \u00e9 macia para as m\u00e3os, proporciona uma boa ader\u00eancia e melhora a ergonomia. \u00c9 o aliado perfeito para o seu esfreg\u00e3o preto para uma limpeza mais agressiva.Benef\u00edcios do produto Esfreg\u00e3o abrasivo preto de alto desempenho com al\u00e7a de espuma de f\u00e1cil ader\u00eanc...","rel":"","context":"Similar post","img":{"alt_text":"","src":"https:\/\/i0.wp.com\/mundo.seashell.pt\/wp-content\/uploads\/2022\/02\/02-scouring-03-high-foam-backed-scourers-03-high-foam-backed-scourer-heavy-duty-heavy-duty-detail-02-580x550_PhotoRoom_20210418_123155.jpg?resize=350%2C200&ssl=1","width":350,"height":200},"classes":[]}],"_links":{"self":[{"href":"https:\/\/mundo.seashell.pt\/index.php?rest_route=\/wp\/v2\/product\/5556","targetHints":{"allow":["GET"]}}],"collection":[{"href":"https:\/\/mundo.seashell.pt\/index.php?rest_route=\/wp\/v2\/product"}],"about":[{"href":"https:\/\/mundo.seashell.pt\/index.php?rest_route=\/wp\/v2\/types\/product"}],"wp:featuredmedia":[{"embeddable":true,"href":"https:\/\/mundo.seashell.pt\/index.php?rest_route=\/wp\/v2\/media\/5557"}],"wp:attachment":[{"href":"https:\/\/mundo.seashell.pt\/index.php?rest_route=%2Fwp%2Fv2%2Fmedia&parent=5556"}],"wp:term":[{"taxonomy":"product_cat","embeddable":true,"href":"https:\/\/mundo.seashell.pt\/index.php?rest_route=%2Fwp%2Fv2%2Fproduct_cat&post=5556"},{"taxonomy":"product_tag","embeddable":true,"href":"https:\/\/mundo.seashell.pt\/index.php?rest_route=%2Fwp%2Fv2%2Fproduct_tag&post=5556"}],"curies":[{"name":"wp","href":"https:\/\/api.w.org\/{rel}","templated":true}]}}