{"id":5534,"date":"2022-02-23T11:30:39","date_gmt":"2022-02-23T11:30:39","guid":{"rendered":"https:\/\/mundo.seashell.pt\/?post_type=product&#038;p=5534"},"modified":"2022-02-23T11:30:42","modified_gmt":"2022-02-23T11:30:42","slug":"rolo-mini-zeta-pasta-liso-2fl-joker-12rx56mt","status":"publish","type":"product","link":"https:\/\/mundo.seashell.pt\/?product=rolo-mini-zeta-pasta-liso-2fl-joker-12rx56mt","title":{"rendered":"Rolo Mini Zeta Joker Pasta Liso (12 Rolos)"},"content":{"rendered":"<p>Os Rolos de papel Zeta (Chamin\u00e9) da Trevipapel, apresentam-se com elevada capacidade de absor\u00e7\u00e3o e os nossos Rolos de extra\u00e7\u00e3o central s\u00e3o suaves mas altamente eficientes em todos os locais de trabalho, at\u00e9 nos mais dif\u00edceis.<\/p>\n<p>Caracter\u00edsticas:<\/p>\n<ul>\n<li>Rolo Mini Zeta Pasta<\/li>\n<li>Folha Dupla<\/li>\n<li>Cor: Branco<\/li>\n<li>Comprimento: 56 mtrs\/rolo<\/li>\n<li>Servi\u00e7os: 115<\/li>\n<li>Qualidade do Papel: RH Celulose Virgem&nbsp;<\/li>\n<li>Dimens\u00e3o rolo: Largura: 20 cm \/ \u00d8 12 cm<\/li>\n<\/ul>\n<p>Embalagem: <strong>12<\/strong>&nbsp;<strong>Rolos x 56 metros<\/strong><\/p>\n<p><\/p>\n","protected":false},"excerpt":{"rendered":"<p>Rolo Mini Zeta\/Mecha\/Chamin\u00e9<\/p>\n","protected":false},"featured_media":5535,"template":"","meta":{"spay_email":""},"product_cat":[15],"product_tag":[],"class_list":{"0":"post-5534","1":"product","2":"type-product","3":"status-publish","4":"has-post-thumbnail","6":"product_cat-sem-categoria","8":"first","9":"instock","10":"taxable","11":"shipping-taxable","12":"purchasable","13":"product-type-simple"},"acf":[],"jetpack-related-posts":[{"id":5532,"url":"https:\/\/mundo.seashell.pt\/?product=rolo-zeta-eco-joker-azul-6rx90mt","url_meta":{"origin":5534,"position":0},"title":"Rolo Zeta Eco Joker Azul","date":"Fevereiro 23, 2022","format":false,"excerpt":"Rolo Zeta\/Mecha\/Chamin\u00e9","rel":"","context":"Similar post","img":{"alt_text":"","src":"https:\/\/i0.wp.com\/mundo.seashell.pt\/wp-content\/uploads\/2022\/02\/joker_azul__zeta.jpg?resize=350%2C200&ssl=1","width":350,"height":200},"classes":[]},{"id":5530,"url":"https:\/\/mundo.seashell.pt\/?product=rolo-zeta-joker-gold-l-6rx90mt","url_meta":{"origin":5534,"position":1},"title":"Rolo Zeta Joker Gold L+ (6Rx90Mt)","date":"Fevereiro 23, 2022","format":false,"excerpt":"Rolo Zeta\/Mecha\/Chamin\u00e9","rel":"","context":"Similar post","img":{"alt_text":"","src":"https:\/\/i0.wp.com\/mundo.seashell.pt\/wp-content\/uploads\/2022\/02\/joker_autocortante_gold_.jpg?resize=350%2C200&ssl=1","width":350,"height":200},"classes":[]},{"id":5412,"url":"https:\/\/mundo.seashell.pt\/?product=suporte-para-rolo-zeta-hci","url_meta":{"origin":5534,"position":2},"title":"Suporte Para Rolo Zeta HCI","date":"Fevereiro 23, 2022","format":false,"excerpt":"Suporte para Zeta\/Chamin\u00e9\/Mecha","rel":"","context":"Similar post","img":{"alt_text":"","src":"https:\/\/i0.wp.com\/mundo.seashell.pt\/wp-content\/uploads\/2022\/02\/suporte_zeta.png?resize=350%2C200&ssl=1","width":350,"height":200},"classes":[]},{"id":5520,"url":"https:\/\/mundo.seashell.pt\/?product=toalha-mao-barril-zeta-renovagreen-2fl-6rx96mt","url_meta":{"origin":5534,"position":3},"title":"Toalha de M\u00e3o Barril \/ Zeta Renova Green Folha Dupla (6 Rolos x 96m)","date":"Fevereiro 23, 2022","format":false,"excerpt":"Toalha de m\u00e3os Zeta \/ Barril para sistema de extrac\u00e7\u00e3o central \/ desenrolamento vertical","rel":"","context":"Similar post","img":{"alt_text":"","src":"https:\/\/i0.wp.com\/mundo.seashell.pt\/wp-content\/uploads\/2022\/02\/toalha_de_ma_o_renova_6x96m.jpg?resize=350%2C200&ssl=1","width":350,"height":200},"classes":[]},{"id":6139,"url":"https:\/\/mundo.seashell.pt\/?product=dispensador-de-papel-higienico-maxi-jumbo-elegance","url_meta":{"origin":5534,"position":4},"title":"Dispensador de Papel Higi\u00e9nico Maxi Jumbo Elegance","date":"Fevereiro 23, 2022","format":false,"excerpt":"O distribuidor de papel higi\u00e9nico de tamanho maxi jumbo pode conter rolos de papel de at\u00e9 110 mm de largura por 270 mm de di\u00e2metro, com uma c\u00e2nula de di\u00e2metro m\u00e1ximo de 56 mm.","rel":"","context":"Similar post","img":{"alt_text":"","src":"https:\/\/i0.wp.com\/mundo.seashell.pt\/wp-content\/uploads\/2022\/02\/dispensador-de-papel-higienico-maxi-jumbo-abs-color-blanco_5571173_xl_PhotoRoom_20210411_120848.jpg?resize=350%2C200&ssl=1","width":350,"height":200},"classes":[]},{"id":6117,"url":"https:\/\/mundo.seashell.pt\/?product=dispensador-de-papel-higienico-maxi-jumbo","url_meta":{"origin":5534,"position":5},"title":"Dispensador de Papel Higi\u00e9nico Maxi Jumbo Eco-Luxe","date":"Fevereiro 23, 2022","format":false,"excerpt":"O distribuidor de papel higi\u00eanico de tamanho maxi jumbo pode conter rolos de papel de at\u00e9 110 mm de largura por 270 mm de di\u00e2metro, com uma c\u00e2nula de di\u00e2metro m\u00e1ximo de 56 mm.","rel":"","context":"Similar post","img":{"alt_text":"","src":"https:\/\/i0.wp.com\/mundo.seashell.pt\/wp-content\/uploads\/2022\/02\/dispensador-de-papel-higienico-jumbo-abs-eco-luxe-blanco_9312221_xxl_PhotoRoom_20210411_120744-1.jpg?resize=350%2C200&ssl=1","width":350,"height":200},"classes":[]}],"_links":{"self":[{"href":"https:\/\/mundo.seashell.pt\/index.php?rest_route=\/wp\/v2\/product\/5534","targetHints":{"allow":["GET"]}}],"collection":[{"href":"https:\/\/mundo.seashell.pt\/index.php?rest_route=\/wp\/v2\/product"}],"about":[{"href":"https:\/\/mundo.seashell.pt\/index.php?rest_route=\/wp\/v2\/types\/product"}],"wp:featuredmedia":[{"embeddable":true,"href":"https:\/\/mundo.seashell.pt\/index.php?rest_route=\/wp\/v2\/media\/5535"}],"wp:attachment":[{"href":"https:\/\/mundo.seashell.pt\/index.php?rest_route=%2Fwp%2Fv2%2Fmedia&parent=5534"}],"wp:term":[{"taxonomy":"product_cat","embeddable":true,"href":"https:\/\/mundo.seashell.pt\/index.php?rest_route=%2Fwp%2Fv2%2Fproduct_cat&post=5534"},{"taxonomy":"product_tag","embeddable":true,"href":"https:\/\/mundo.seashell.pt\/index.php?rest_route=%2Fwp%2Fv2%2Fproduct_tag&post=5534"}],"curies":[{"name":"wp","href":"https:\/\/api.w.org\/{rel}","templated":true}]}}