{"id":5530,"date":"2022-02-23T11:30:35","date_gmt":"2022-02-23T11:30:35","guid":{"rendered":"https:\/\/mundo.seashell.pt\/?post_type=product&#038;p=5530"},"modified":"2022-02-23T11:30:37","modified_gmt":"2022-02-23T11:30:37","slug":"rolo-zeta-joker-gold-l-6rx90mt","status":"publish","type":"product","link":"https:\/\/mundo.seashell.pt\/?product=rolo-zeta-joker-gold-l-6rx90mt","title":{"rendered":"Rolo Zeta Joker Gold L+ (6Rx90Mt)"},"content":{"rendered":"<p>Os Rolos de papel Zeta (Chamin\u00e9) da Trevipapel, apresentam-se com elevada capacidade de absor\u00e7\u00e3o e os nossos Rolos de extra\u00e7\u00e3o central s\u00e3o suaves mas altamente eficientes em todos os locais de trabalho, at\u00e9 nos mais dif\u00edceis.<\/p>\n<p>Caracter\u00edsticas:<\/p>\n<ul>\n<li>Rolo Zeta Pasta<\/li>\n<li>Folha Dupla<\/li>\n<li>Cor: Branco<\/li>\n<li>Servi\u00e7os: 333<\/li>\n<li>Qualidade do Papel: RH 100% Tissue Virgem Gofrado&nbsp;Laminado<\/li>\n<li>Dimens\u00e3o rolo: Largura: 19.2 cm \/&nbsp;\u00d8 20 cm&nbsp;<\/li>\n<\/ul>\n<p>Embalagem:&nbsp;<strong>6 Rolos x 90 metros<\/strong><\/p>\n<\/p>\n<p><\/p>\n","protected":false},"excerpt":{"rendered":"<p>Rolo Zeta\/Mecha\/Chamin\u00e9<\/p>\n","protected":false},"featured_media":5531,"template":"","meta":{"spay_email":""},"product_cat":[15],"product_tag":[],"class_list":{"0":"post-5530","1":"product","2":"type-product","3":"status-publish","4":"has-post-thumbnail","6":"product_cat-sem-categoria","8":"first","9":"instock","10":"taxable","11":"shipping-taxable","12":"purchasable","13":"product-type-simple"},"acf":[],"jetpack-related-posts":[{"id":5532,"url":"https:\/\/mundo.seashell.pt\/?product=rolo-zeta-eco-joker-azul-6rx90mt","url_meta":{"origin":5530,"position":0},"title":"Rolo Zeta Eco Joker Azul","date":"Fevereiro 23, 2022","format":false,"excerpt":"Rolo Zeta\/Mecha\/Chamin\u00e9","rel":"","context":"Similar post","img":{"alt_text":"","src":"https:\/\/i0.wp.com\/mundo.seashell.pt\/wp-content\/uploads\/2022\/02\/joker_azul__zeta.jpg?resize=350%2C200&ssl=1","width":350,"height":200},"classes":[]},{"id":5534,"url":"https:\/\/mundo.seashell.pt\/?product=rolo-mini-zeta-pasta-liso-2fl-joker-12rx56mt","url_meta":{"origin":5530,"position":1},"title":"Rolo Mini Zeta Joker Pasta Liso (12 Rolos)","date":"Fevereiro 23, 2022","format":false,"excerpt":"Rolo Mini Zeta\/Mecha\/Chamin\u00e9","rel":"","context":"Similar post","img":{"alt_text":"","src":"https:\/\/i0.wp.com\/mundo.seashell.pt\/wp-content\/uploads\/2022\/02\/joker_mini_zeta_12.jpg?resize=350%2C200&ssl=1","width":350,"height":200},"classes":[]},{"id":5412,"url":"https:\/\/mundo.seashell.pt\/?product=suporte-para-rolo-zeta-hci","url_meta":{"origin":5530,"position":2},"title":"Suporte Para Rolo Zeta HCI","date":"Fevereiro 23, 2022","format":false,"excerpt":"Suporte para Zeta\/Chamin\u00e9\/Mecha","rel":"","context":"Similar post","img":{"alt_text":"","src":"https:\/\/i0.wp.com\/mundo.seashell.pt\/wp-content\/uploads\/2022\/02\/suporte_zeta.png?resize=350%2C200&ssl=1","width":350,"height":200},"classes":[]},{"id":5520,"url":"https:\/\/mundo.seashell.pt\/?product=toalha-mao-barril-zeta-renovagreen-2fl-6rx96mt","url_meta":{"origin":5530,"position":3},"title":"Toalha de M\u00e3o Barril \/ Zeta Renova Green Folha Dupla (6 Rolos x 96m)","date":"Fevereiro 23, 2022","format":false,"excerpt":"Toalha de m\u00e3os Zeta \/ Barril para sistema de extrac\u00e7\u00e3o central \/ desenrolamento vertical","rel":"","context":"Similar post","img":{"alt_text":"","src":"https:\/\/i0.wp.com\/mundo.seashell.pt\/wp-content\/uploads\/2022\/02\/toalha_de_ma_o_renova_6x96m.jpg?resize=350%2C200&ssl=1","width":350,"height":200},"classes":[]},{"id":5514,"url":"https:\/\/mundo.seashell.pt\/?product=papel-hig-renovagreen-175-domestico-163mt-2fl-96rolos","url_meta":{"origin":5530,"position":4},"title":"Papel Higi\u00e9nico Folha Dupla 16m Renova Green (24 rolos)","date":"Fevereiro 23, 2022","format":false,"excerpt":"Papel tissue branco com certificado com o R\u00f3tulo Ecol\u00f3gico da Uni\u00e3o Europeia.","rel":"","context":"Similar post","img":{"alt_text":"","src":"https:\/\/i0.wp.com\/mundo.seashell.pt\/wp-content\/uploads\/2022\/02\/goods_02_436158_PhotoRoom_20210413_163347.jpg?resize=350%2C200&ssl=1","width":350,"height":200},"classes":[]},{"id":5540,"url":"https:\/\/mundo.seashell.pt\/?product=rolo-auto-corte-gold-joker-6rolosx100mt","url_meta":{"origin":5530,"position":5},"title":"Rolo Auto Corte Gold+ Joker (6 Rolos)","date":"Fevereiro 23, 2022","format":false,"excerpt":"Rolo Autocortante","rel":"","context":"Similar post","img":{"alt_text":"","src":"https:\/\/i0.wp.com\/mundo.seashell.pt\/wp-content\/uploads\/2022\/02\/joker_autocortante_gold_-1.jpg?resize=350%2C200&ssl=1","width":350,"height":200},"classes":[]}],"_links":{"self":[{"href":"https:\/\/mundo.seashell.pt\/index.php?rest_route=\/wp\/v2\/product\/5530","targetHints":{"allow":["GET"]}}],"collection":[{"href":"https:\/\/mundo.seashell.pt\/index.php?rest_route=\/wp\/v2\/product"}],"about":[{"href":"https:\/\/mundo.seashell.pt\/index.php?rest_route=\/wp\/v2\/types\/product"}],"wp:featuredmedia":[{"embeddable":true,"href":"https:\/\/mundo.seashell.pt\/index.php?rest_route=\/wp\/v2\/media\/5531"}],"wp:attachment":[{"href":"https:\/\/mundo.seashell.pt\/index.php?rest_route=%2Fwp%2Fv2%2Fmedia&parent=5530"}],"wp:term":[{"taxonomy":"product_cat","embeddable":true,"href":"https:\/\/mundo.seashell.pt\/index.php?rest_route=%2Fwp%2Fv2%2Fproduct_cat&post=5530"},{"taxonomy":"product_tag","embeddable":true,"href":"https:\/\/mundo.seashell.pt\/index.php?rest_route=%2Fwp%2Fv2%2Fproduct_tag&post=5530"}],"curies":[{"name":"wp","href":"https:\/\/api.w.org\/{rel}","templated":true}]}}