{"id":5518,"date":"2022-02-23T11:30:16","date_gmt":"2022-02-23T11:30:16","guid":{"rendered":"https:\/\/mundo.seashell.pt\/?post_type=product&#038;p=5518"},"modified":"2022-02-23T11:30:18","modified_gmt":"2022-02-23T11:30:18","slug":"papel-higienico-folha-a-folha-gold-xl-36mx200f","status":"publish","type":"product","link":"https:\/\/mundo.seashell.pt\/?product=papel-higienico-folha-a-folha-gold-xl-36mx200f","title":{"rendered":"Papel Higi\u00e9nico Folha-a-Folha Gold XL+ (36 Ma\u00e7os x 200 Folhas)"},"content":{"rendered":"<p>Papel higi\u00e9nico folha a Folha. Folha branca de m\u00e1xima suavidade e resist\u00eancia, com textura, folha dupla.<\/p>\n<p>Sistema folha a folha: permite uma redu\u00e7\u00e3o do consumo e desperd\u00edcio.<\/p>\n<p>F\u00e1cil reabastecimento, colocar no dispensador e est\u00e1 pronto a usar.<\/p>\n<p>Dimens\u00f5es da folha&nbsp;: 21&#215;10 (cm)<\/p>\n<p><strong>Caixa com 36 ma\u00e7os de 200 folhas ou aproximadamente&nbsp;7200 folhas no total<\/strong><\/p>\n","protected":false},"excerpt":{"rendered":"<p>Papel higi\u00e9nico folha a Folha. Folha branca de m\u00e1xima suavidade e resist\u00eancia, com textura, folha dupla.<\/p>\n","protected":false},"featured_media":5519,"template":"","meta":{"spay_email":""},"product_cat":[15],"product_tag":[],"class_list":{"0":"post-5518","1":"product","2":"type-product","3":"status-publish","4":"has-post-thumbnail","6":"product_cat-sem-categoria","8":"first","9":"instock","10":"taxable","11":"shipping-taxable","12":"purchasable","13":"product-type-simple"},"acf":[],"jetpack-related-posts":[{"id":5516,"url":"https:\/\/mundo.seashell.pt\/?product=papel-higienico-domestico-folha-dupla-13m-joker-12rolos","url_meta":{"origin":5518,"position":0},"title":"Papel Higi\u00e9nico Folha Dupla 13m Joker (12 rolos)","date":"Fevereiro 23, 2022","format":false,"excerpt":"Papel Higi\u00e9nico 100% celulose pura, de folha dupla com 12 rolos por embalagem com cerca de 13 metros por rolo.","rel":"","context":"Similar post","img":{"alt_text":"","src":"https:\/\/i0.wp.com\/mundo.seashell.pt\/wp-content\/uploads\/2022\/02\/papel_13m_joker_PhotoRoom_20210413_153744.jpg?resize=350%2C200&ssl=1","width":350,"height":200},"classes":[]},{"id":5404,"url":"https:\/\/mundo.seashell.pt\/?product=suporte-para-higienico-folha-a-folha","url_meta":{"origin":5518,"position":1},"title":"Suporte para Higi\u00e9nico Folha a Folha","date":"Fevereiro 23, 2022","format":false,"excerpt":"Para papel higi\u00e9nico folha a folha","rel":"","context":"Similar post","img":{"alt_text":"","src":"https:\/\/i0.wp.com\/mundo.seashell.pt\/wp-content\/uploads\/2022\/02\/suporte_folha_a_folha.png?resize=350%2C200&ssl=1","width":350,"height":200},"classes":[]},{"id":5542,"url":"https:\/\/mundo.seashell.pt\/?product=toalha-de-maos-renovagreen-zz-22x215-2fl30mx180f","url_meta":{"origin":5518,"position":2},"title":"Toalhas de M\u00e3o Renova Green Zig-Zag Folha Dupla (30 Ma\u00e7os x 180 Folhas)","date":"Fevereiro 23, 2022","format":false,"excerpt":"Toalhas de m\u00e3o dobradas em C, para distribui\u00e7\u00e3o folha-\u00e0-folha, com elevada capacidade de absor\u00e7\u00e3o e resist\u00eancia. Papel branco de folha dupla. Produto certificado com o r\u00f3tulo ecol\u00f3gico da Uni\u00e3o Europeia","rel":"","context":"Similar post","img":{"alt_text":"","src":"https:\/\/i0.wp.com\/mundo.seashell.pt\/wp-content\/uploads\/2022\/02\/renova_zigzag_30x180.jpg?resize=350%2C200&ssl=1","width":350,"height":200},"classes":[]},{"id":5500,"url":"https:\/\/mundo.seashell.pt\/?product=guardanapos-40x40-ppp-joker-24mx50f","url_meta":{"origin":5518,"position":3},"title":"Guardanapos 40&#215;40 PPP JOKER (24Mx50F)","date":"Fevereiro 23, 2022","format":false,"excerpt":"Guardanapos 40x40 PPP JOKER","rel":"","context":"Similar post","img":{"alt_text":"","src":"https:\/\/i0.wp.com\/mundo.seashell.pt\/wp-content\/uploads\/2022\/02\/guardanapos_joker_40x40_detail.jpg?resize=350%2C200&ssl=1","width":350,"height":200},"classes":[]},{"id":5506,"url":"https:\/\/mundo.seashell.pt\/?product=guardanapos-40x40-ppp-joker-24mx50f-preto","url_meta":{"origin":5518,"position":4},"title":"Guardanapos 40&#215;40 PPP JOKER (24Mx50F) Preto","date":"Fevereiro 23, 2022","format":false,"excerpt":"Guardanapos 40x40 PPP JOKER Preto","rel":"","context":"Similar post","img":{"alt_text":"","src":"https:\/\/i0.wp.com\/mundo.seashell.pt\/wp-content\/uploads\/2022\/02\/guardanapos_joker_40x40_pretos_detail.jpg?resize=350%2C200&ssl=1","width":350,"height":200},"classes":[]},{"id":5508,"url":"https:\/\/mundo.seashell.pt\/?product=guardanapos-40x40-ppp-joker-24mx50f-amarelo","url_meta":{"origin":5518,"position":5},"title":"Guardanapos 40&#215;40 PPP JOKER (24Mx50F) Amarelo","date":"Fevereiro 23, 2022","format":false,"excerpt":"Guardanapos 40x40 PPP JOKER Amarelo","rel":"","context":"Similar post","img":{"alt_text":"","src":"https:\/\/i0.wp.com\/mundo.seashell.pt\/wp-content\/uploads\/2022\/02\/guardanapos_joker_40x40_amarelos_detail.jpg?resize=350%2C200&ssl=1","width":350,"height":200},"classes":[]}],"_links":{"self":[{"href":"https:\/\/mundo.seashell.pt\/index.php?rest_route=\/wp\/v2\/product\/5518","targetHints":{"allow":["GET"]}}],"collection":[{"href":"https:\/\/mundo.seashell.pt\/index.php?rest_route=\/wp\/v2\/product"}],"about":[{"href":"https:\/\/mundo.seashell.pt\/index.php?rest_route=\/wp\/v2\/types\/product"}],"wp:featuredmedia":[{"embeddable":true,"href":"https:\/\/mundo.seashell.pt\/index.php?rest_route=\/wp\/v2\/media\/5519"}],"wp:attachment":[{"href":"https:\/\/mundo.seashell.pt\/index.php?rest_route=%2Fwp%2Fv2%2Fmedia&parent=5518"}],"wp:term":[{"taxonomy":"product_cat","embeddable":true,"href":"https:\/\/mundo.seashell.pt\/index.php?rest_route=%2Fwp%2Fv2%2Fproduct_cat&post=5518"},{"taxonomy":"product_tag","embeddable":true,"href":"https:\/\/mundo.seashell.pt\/index.php?rest_route=%2Fwp%2Fv2%2Fproduct_tag&post=5518"}],"curies":[{"name":"wp","href":"https:\/\/api.w.org\/{rel}","templated":true}]}}