{"id":5392,"date":"2022-02-23T11:26:32","date_gmt":"2022-02-23T11:26:32","guid":{"rendered":"https:\/\/mundo.seashell.pt\/?post_type=product&#038;p=5392"},"modified":"2022-02-23T11:26:34","modified_gmt":"2022-02-23T11:26:34","slug":"mr-fun-shine","status":"publish","type":"product","link":"https:\/\/mundo.seashell.pt\/?product=mr-fun-shine","title":{"rendered":"Shampoo Auto Mr Fun Shine"},"content":{"rendered":"<h3>Shampoo com cera para lavagem manual de viaturas<br \/>\nMr. Fun Shine<br \/><\/h3>\n<p>Shampoo neutro enriquecido com cera de carnau\u0301ba, para a lavagem<br \/>\nmanual do exterior de vei\u0301culos. Utiliza-se na lavagem manual de<br \/>\nvei\u0301culos automo\u0301veis, ligeiros e pesados. O produto na\u0303o e\u0301 agressivo<br \/>\npara a pintura ou pla\u0301sticos dos vei\u0301culos.\n<\/p>\n<p>Deixa na viatura um aspecto brilhante de elevada durabilidade.\n<\/p>\n<p><strong><br \/><\/strong><\/p>\n<p><strong>CONDIC\u0327O\u0303ES DE UTILIZAC\u0327A\u0303O<br \/>\n<\/strong><\/p>\n<p>Usar uma concentrac\u0327a\u0303o de 3 a 5% (20 a 50 g\/L) em a\u0301guas ate\u0301 15\u00ba de<br \/>\ndureza.<br \/>\nNo caso de a\u0301guas mais duras aumentar levemente a concentrac\u0327a\u0303o, a<br \/>\nfim de evitar a reposic\u0327a\u0303o dos sais minerais contidos na a\u0301gua.\n<\/p>\n<p>Lavar o vei\u0301culo com a soluc\u0327a\u0303o de <strong>M<\/strong><strong>R <\/strong><strong>F<\/strong><strong>UN <\/strong><strong>S<\/strong><strong>HAMPOO <\/strong><strong>S<\/strong><strong>HINE<\/strong>, aplicando a<br \/>\nsoluc\u0327a\u0303o com uma esponja ou escova. Enxaguar posteriormente<br \/>\nutilizando jacto de a\u0301gua.<br \/>\nNa\u0303o lavar os vei\u0301culos quando estes se encontram ao Sol ou expostos a<br \/>\ntemperaturas elevadas.\n<\/p>\n<p><strong><br \/><\/strong><\/p>\n<p><strong>CARACTERISTICAS FISICO QUI\u0301MICAS<br \/>\n<\/strong><\/p>\n<p>Aspecto: Li\u0301quido viscoso&nbsp;<br \/>Cor: amarelo<br \/>\npH 6.5<br \/>\nLeve perfume a lima\u0303o<\/p>\n","protected":false},"excerpt":{"rendered":"<p>Shampoo neutro enriquecido com cera de carnau\u0301ba, para a lavagem manual do exterior de vei\u0301culos. Utiliza-se na lavagem manual de vei\u0301culos automo\u0301veis, ligeiros e pesados. <\/p>\n","protected":false},"featured_media":5393,"template":"","meta":{"spay_email":""},"product_cat":[15],"product_tag":[],"class_list":{"0":"post-5392","1":"product","2":"type-product","3":"status-publish","4":"has-post-thumbnail","6":"product_cat-sem-categoria","8":"first","9":"instock","10":"taxable","11":"shipping-taxable","12":"purchasable","13":"product-type-simple"},"acf":[],"jetpack-related-posts":[{"id":5394,"url":"https:\/\/mundo.seashell.pt\/?product=solux-auto-shine","url_meta":{"origin":5392,"position":0},"title":"Shampoo Solux Auto Shine","date":"Fevereiro 23, 2022","format":false,"excerpt":"APLICAC\u0327A\u0303O Shampoo com cera para lavagem exterior de viaturas PROPRIEDADES Shampoo neutro que devido a\u0300s suas caracteri\u0301sticas deixa uma protecc\u0327a\u0303o de cera acri\u0301lica nas viaturas, evitando a redeposic\u0327a\u0303o de poeiras que possam danificar. O produto na\u0303o e\u0301 agressivo para a pintura ou...","rel":"","context":"Similar post","img":{"alt_text":"","src":"https:\/\/i0.wp.com\/mundo.seashell.pt\/wp-content\/uploads\/2022\/02\/SOLUX_AUTO_SHINE_PhotoRoom_20210402_102945.jpg?resize=350%2C200&ssl=1","width":350,"height":200},"classes":[]},{"id":5398,"url":"https:\/\/mundo.seashell.pt\/?product=mr-fun-shampoo-auto","url_meta":{"origin":5392,"position":1},"title":"Mr Fun Shampoo Auto","date":"Fevereiro 23, 2022","format":false,"excerpt":"Shampoo neutro, com grande capacidade desengordurante, adequadopara a lavagem manual do exterior de vei\u0301culos. Utiliza-se na lavagem manual de vei\u0301culos automo\u0301veis, ligeiros e pesados.","rel":"","context":"Similar post","img":{"alt_text":"","src":"https:\/\/i0.wp.com\/mundo.seashell.pt\/wp-content\/uploads\/2022\/02\/Mr_Fun_Shampoo_Auto_PhotoRoom_20210402_102956.jpg?resize=350%2C200&ssl=1","width":350,"height":200},"classes":[]},{"id":5396,"url":"https:\/\/mundo.seashell.pt\/?product=solux-auto-esp","url_meta":{"origin":5392,"position":2},"title":"Shampoo Solux Auto ESP","date":"Fevereiro 23, 2022","format":false,"excerpt":"Shampoo neutro, com grande capacidade de desengorduramento, adequado para a lavagem manual do exterior de vei\u0301culos. Utiliza-se na lavagem manual de vei\u0301culos automo\u0301veis, ligeiros e pesados.","rel":"","context":"Similar post","img":{"alt_text":"","src":"https:\/\/i0.wp.com\/mundo.seashell.pt\/wp-content\/uploads\/2022\/02\/SOLUX_AUTO_ESP_PhotoRoom_20210402_103250.jpg?resize=350%2C200&ssl=1","width":350,"height":200},"classes":[]},{"id":5958,"url":"https:\/\/mundo.seashell.pt\/?product=fresco-5kg","url_meta":{"origin":5392,"position":3},"title":"Detergente Fresco 5Kg","date":"Fevereiro 23, 2022","format":false,"excerpt":"Detergente neutro concentrado apropriado para a manuten\u00e7\u00e3o de todos os tipos de pavimento tratados com cera acr\u00edlicas","rel":"","context":"Similar post","img":{"alt_text":"","src":"https:\/\/i0.wp.com\/mundo.seashell.pt\/wp-content\/uploads\/2022\/02\/PhotoRoom_20210325_092130.jpg?resize=350%2C200&ssl=1","width":350,"height":200},"classes":[]},{"id":5638,"url":"https:\/\/mundo.seashell.pt\/?product=blowmy-shampoo-750ml","url_meta":{"origin":5392,"position":4},"title":"Blowmy Shampoo 750ml","date":"Fevereiro 23, 2022","format":false,"excerpt":"Champ\u00f4 cremoso e perfumado, enriquecido com pantenol e glicerina, com um \u00f3timo comportamento na lavagem do cabelo.","rel":"","context":"Similar post","img":{"alt_text":"","src":"https:\/\/i0.wp.com\/mundo.seashell.pt\/wp-content\/uploads\/2022\/02\/Blowmy_Shampoo_750_mL_PhotoRoom_20210402_103412.jpg?resize=350%2C200&ssl=1","width":350,"height":200},"classes":[]},{"id":5956,"url":"https:\/\/mundo.seashell.pt\/?product=azzurro-5kg","url_meta":{"origin":5392,"position":5},"title":"Detergente Antiderrapante Azzurro 5Kg","date":"Fevereiro 23, 2022","format":false,"excerpt":"Detergente neutro concentrado apropriado para a manuten\u00e7\u00e3o de todos os tipos de pavimento protegidos com cera","rel":"","context":"Similar post","img":{"alt_text":"","src":"https:\/\/i0.wp.com\/mundo.seashell.pt\/wp-content\/uploads\/2022\/02\/azzurro.jpg?resize=350%2C200&ssl=1","width":350,"height":200},"classes":[]}],"_links":{"self":[{"href":"https:\/\/mundo.seashell.pt\/index.php?rest_route=\/wp\/v2\/product\/5392","targetHints":{"allow":["GET"]}}],"collection":[{"href":"https:\/\/mundo.seashell.pt\/index.php?rest_route=\/wp\/v2\/product"}],"about":[{"href":"https:\/\/mundo.seashell.pt\/index.php?rest_route=\/wp\/v2\/types\/product"}],"wp:featuredmedia":[{"embeddable":true,"href":"https:\/\/mundo.seashell.pt\/index.php?rest_route=\/wp\/v2\/media\/5393"}],"wp:attachment":[{"href":"https:\/\/mundo.seashell.pt\/index.php?rest_route=%2Fwp%2Fv2%2Fmedia&parent=5392"}],"wp:term":[{"taxonomy":"product_cat","embeddable":true,"href":"https:\/\/mundo.seashell.pt\/index.php?rest_route=%2Fwp%2Fv2%2Fproduct_cat&post=5392"},{"taxonomy":"product_tag","embeddable":true,"href":"https:\/\/mundo.seashell.pt\/index.php?rest_route=%2Fwp%2Fv2%2Fproduct_tag&post=5392"}],"curies":[{"name":"wp","href":"https:\/\/api.w.org\/{rel}","templated":true}]}}