{"id":5384,"date":"2022-02-23T11:26:08","date_gmt":"2022-02-23T11:26:08","guid":{"rendered":"https:\/\/mundo.seashell.pt\/?post_type=product&#038;p=5384"},"modified":"2022-02-23T11:26:10","modified_gmt":"2022-02-23T11:26:10","slug":"solux-fripol-e100-5l","status":"publish","type":"product","link":"https:\/\/mundo.seashell.pt\/?product=solux-fripol-e100-5l","title":{"rendered":"Anticongelante Solux Fripol E100 5l"},"content":{"rendered":"<p>Anticongelante e anticorrosivo para circuitos de refrigerac\u0327a\u0303o<br \/>\n<\/p>\n<p>O <strong>Solux Fripol E100<\/strong> e\u0301 um fluido refrigerante de cor verde com<br \/>\npropriedades anticongelantes e com elevado poder de transfere\u0302ncia<br \/>\nte\u0301rmica, indicado para circuitos de transfere\u0302ncia de calor em vei\u0301culos<br \/>\nautomo\u0301veis ou centrais de geotermia.\n<\/p>\n<p>E\u0301 composto por agentes que permitem a protecc\u0327a\u0303o contra a corrosa\u0303o<br \/>\nem todo o tipo de materiais, nomeadamente ferro, alumi\u0301nio e outras<br \/>\nligas.<\/p>\n<p>Dependendo da temperatura exterior que se estabelece como limite<br \/>\ninferior de congelac\u0327a\u0303o, varia a quantidade a dosificar de anticongelante<br \/>\nno circuito de aquecimento.\n<\/p>\n<table>\n<tbody>\n<tr>\n<td><strong>Fripol E100 %(V\/V) <\/strong><\/td>\n<td><strong>Temperatura de Congelac\u0327a\u0303o (\u00baC)<\/strong><\/td>\n<td><strong>Temperatura de Ebulic\u0327a\u0303o (\u00baC)<\/strong><\/td>\n<\/tr>\n<tr>\n<td>20<\/td>\n<td>-8<\/td>\n<td>101<\/td>\n<\/tr>\n<tr>\n<td>40<\/td>\n<td>-23<\/td>\n<td>104<\/td>\n<\/tr>\n<tr>\n<td>60<\/td>\n<td>-55<\/td>\n<td>110<\/td>\n<\/tr>\n<\/tbody>\n<\/table>\n<p>As soluc\u0327o\u0303es devem ser preparadas com a\u0301gua pota\u0301vel (teor em cloro<br \/>\ninferior a 100 mg\/Kg) ou a\u0301gua desmineralizada.<br \/><\/p>\n","protected":false},"excerpt":{"rendered":"<p>O Solux Fripol E100 e\u0301 um fluido refrigerante de cor verde com propriedades anticongelantes e com elevado poder de transfere\u0302ncia te\u0301rmica, indicado para circuitos de transfere\u0302ncia de calor em vei\u0301culos automo\u0301veis ou centrais de geotermia.<\/p>\n","protected":false},"featured_media":5385,"template":"","meta":{"spay_email":""},"product_cat":[15],"product_tag":[],"class_list":{"0":"post-5384","1":"product","2":"type-product","3":"status-publish","4":"has-post-thumbnail","6":"product_cat-sem-categoria","8":"first","9":"instock","10":"taxable","11":"shipping-taxable","12":"purchasable","13":"product-type-simple"},"acf":[],"jetpack-related-posts":[{"id":5382,"url":"https:\/\/mundo.seashell.pt\/?product=mr-fun-freeze-20-5l","url_meta":{"origin":5384,"position":0},"title":"Anticongelante Mr Fun Freeze 20 5l","date":"Fevereiro 23, 2022","format":false,"excerpt":"Anticongelante e anticorrosivo para circuitos de refrigerac\u0327a\u0303o \u2013 protecc\u0327a\u0303o ate\u0301 -11\u00baC","rel":"","context":"Similar post","img":{"alt_text":"","src":"https:\/\/i0.wp.com\/mundo.seashell.pt\/wp-content\/uploads\/2022\/02\/MR_FUN_FREEZE_20_PhotoRoom_20210402_102936.jpg?resize=350%2C200&ssl=1","width":350,"height":200},"classes":[]},{"id":5378,"url":"https:\/\/mundo.seashell.pt\/?product=mr-fun-freeze-10-5l","url_meta":{"origin":5384,"position":1},"title":"Anticongelante Mr Fun Freeze 10 5l","date":"Fevereiro 23, 2022","format":false,"excerpt":"Anticongelante e anticorrosivo para circuitos de refrigerac\u0327a\u0303o \u2013 protec\u0327a\u0303o ate\u0301 -5\u00baC","rel":"","context":"Similar post","img":{"alt_text":"","src":"https:\/\/i0.wp.com\/mundo.seashell.pt\/wp-content\/uploads\/2022\/02\/MR_FUN_FREEZE_10_PhotoRoom_20210402_103406.jpg?resize=350%2C200&ssl=1","width":350,"height":200},"classes":[]},{"id":5380,"url":"https:\/\/mundo.seashell.pt\/?product=mr-fun-freeze-30-5l-1","url_meta":{"origin":5384,"position":2},"title":"Anticongelante Mr Fun Freeze 30 5l","date":"Fevereiro 23, 2022","format":false,"excerpt":"Anticongelante e anticorrosivo para circuitos de refrigerac\u0327a\u0303o \u2013 protecc\u0327a\u0303o ate\u0301 -18\u00baC","rel":"","context":"Similar post","img":{"alt_text":"","src":"https:\/\/i0.wp.com\/mundo.seashell.pt\/wp-content\/uploads\/2022\/02\/MR_FUN_FREEZE_30_PhotoRoom_20210402_103334.jpg?resize=350%2C200&ssl=1","width":350,"height":200},"classes":[]},{"id":5394,"url":"https:\/\/mundo.seashell.pt\/?product=solux-auto-shine","url_meta":{"origin":5384,"position":3},"title":"Shampoo Solux Auto Shine","date":"Fevereiro 23, 2022","format":false,"excerpt":"APLICAC\u0327A\u0303O Shampoo com cera para lavagem exterior de viaturas PROPRIEDADES Shampoo neutro que devido a\u0300s suas caracteri\u0301sticas deixa uma protecc\u0327a\u0303o de cera acri\u0301lica nas viaturas, evitando a redeposic\u0327a\u0303o de poeiras que possam danificar. O produto na\u0303o e\u0301 agressivo para a pintura ou...","rel":"","context":"Similar post","img":{"alt_text":"","src":"https:\/\/i0.wp.com\/mundo.seashell.pt\/wp-content\/uploads\/2022\/02\/SOLUX_AUTO_SHINE_PhotoRoom_20210402_102945.jpg?resize=350%2C200&ssl=1","width":350,"height":200},"classes":[]},{"id":5388,"url":"https:\/\/mundo.seashell.pt\/?product=solux-ds","url_meta":{"origin":5384,"position":4},"title":"Desengordurante Solux DS","date":"Fevereiro 23, 2022","format":false,"excerpt":"E\u0301 um produto li\u0301quido de cor verde claro, levemente aromatizado, medianamente alcalino.Tem um forte poder detergente, que lhe confere propriedades desengordurantes difi\u0301ceis de conseguir com outros compostos.","rel":"","context":"Similar post","img":{"alt_text":"","src":"https:\/\/i0.wp.com\/mundo.seashell.pt\/wp-content\/uploads\/2022\/02\/Solux_DS_PhotoRoom_20210402_103558.jpg?resize=350%2C200&ssl=1","width":350,"height":200},"classes":[]},{"id":5610,"url":"https:\/\/mundo.seashell.pt\/?product=solux-pns-5l","url_meta":{"origin":5384,"position":5},"title":"Abrilhantador de Pneus &#8211; Solux PNS 5L","date":"Fevereiro 23, 2022","format":false,"excerpt":"O Solux PNS \u00e9 um produto l\u00edquido de cor branca com \u00f3ptimas propriedades de limpeza e abrilhantamento de pl\u00e1sticos e madeira.","rel":"","context":"Similar post","img":{"alt_text":"","src":"https:\/\/i0.wp.com\/mundo.seashell.pt\/wp-content\/uploads\/2022\/02\/Solux_PNS_PhotoRoom_20210402_103244.jpg?resize=350%2C200&ssl=1","width":350,"height":200},"classes":[]}],"_links":{"self":[{"href":"https:\/\/mundo.seashell.pt\/index.php?rest_route=\/wp\/v2\/product\/5384","targetHints":{"allow":["GET"]}}],"collection":[{"href":"https:\/\/mundo.seashell.pt\/index.php?rest_route=\/wp\/v2\/product"}],"about":[{"href":"https:\/\/mundo.seashell.pt\/index.php?rest_route=\/wp\/v2\/types\/product"}],"wp:featuredmedia":[{"embeddable":true,"href":"https:\/\/mundo.seashell.pt\/index.php?rest_route=\/wp\/v2\/media\/5385"}],"wp:attachment":[{"href":"https:\/\/mundo.seashell.pt\/index.php?rest_route=%2Fwp%2Fv2%2Fmedia&parent=5384"}],"wp:term":[{"taxonomy":"product_cat","embeddable":true,"href":"https:\/\/mundo.seashell.pt\/index.php?rest_route=%2Fwp%2Fv2%2Fproduct_cat&post=5384"},{"taxonomy":"product_tag","embeddable":true,"href":"https:\/\/mundo.seashell.pt\/index.php?rest_route=%2Fwp%2Fv2%2Fproduct_tag&post=5384"}],"curies":[{"name":"wp","href":"https:\/\/api.w.org\/{rel}","templated":true}]}}